{"id":1996,"date":"2021-11-11T10:43:35","date_gmt":"2021-11-11T13:43:35","guid":{"rendered":"https:\/\/avenidatintas.com\/?post_type=product&#038;p=1996"},"modified":"2021-11-11T10:43:35","modified_gmt":"2021-11-11T13:43:35","slug":"tinta-esmalte-spray-sra-111","status":"publish","type":"product","link":"https:\/\/avenidatintas.com\/ube\/produto\/tinta-esmalte-spray-sra-111\/","title":{"rendered":"Tinta esmalte spray SRA 111"},"content":{"rendered":"<p>DESCRI\u00c7\u00c3O DO PRODUTO:<br \/>\nTinta de acabamento a base de resina alqu\u00eddica. Possui alto desempenho e boa reten\u00e7\u00e3o de cor em ambientes externos.<\/p>\n<p>DESENVOLVEMOS SPRAY NA SUA COR CONFORME AMOSTRA<br \/>\nQUANTIDADE M\u00cdNIMA PARA PRODU\u00c7\u00c3O NA SUA COR: 3 UNIDADES<\/p>\n","protected":false},"excerpt":{"rendered":"<p>USOS RECOMENDADOS:<br \/>\nIndicado para pintura de estruturas met\u00e1licas, implementos agr\u00edcolas e rodovi\u00e1rios, m\u00e1quinas e equipamentos.<\/p>\n<p>DESENVOLVEMOS SPRAY NA SUA COR CONFORME AMOSTRA<br \/>\nQUANTIDADE M\u00cdNIMA PARA PRODU\u00c7\u00c3O NA SUA COR: 3 UNIDADES<\/p>\n","protected":false},"featured_media":2010,"template":"","meta":{"_et_pb_use_builder":"","_et_pb_old_content":"","_et_gb_content_width":""},"product_brand":[],"product_cat":[198,21,350,17],"product_tag":[196,223,152,154,155,156,153,325,351,45],"class_list":{"0":"post-1996","1":"product","2":"type-product","3":"status-publish","4":"has-post-thumbnail","6":"product_cat-esmalte-sintetico","7":"product_cat-industriais","8":"product_cat-tinta-em-spray","9":"product_cat-tintas-liquidas","10":"product_tag-acabamento","11":"product_tag-equipamentos","12":"product_tag-esmalte-sintetico","13":"product_tag-estruturas-metalicas","14":"product_tag-implementos-agricolas","15":"product_tag-maquinas","16":"product_tag-monocomponente","17":"product_tag-rodoviarios","18":"product_tag-spray","19":"product_tag-weg","21":"first","22":"instock","23":"shipping-taxable","24":"purchasable","25":"product-type-variable"},"yoast_head":"<!-- This site is optimized with the Yoast SEO plugin v27.3 - https:\/\/yoast.com\/product\/yoast-seo-wordpress\/ -->\n<title>Tinta esmalte spray SRA 111 - Avenida Tintas<\/title>\n<meta name=\"description\" content=\"DESCRI\u00c7\u00c3O DO PRODUTO:Tinta de acabamento a base de resina alqu\u00eddica. Possui alto desempenho e boa reten\u00e7\u00e3o de cor em ambientes externos.USOS RECOMENDADOS:Indicado para pintura de estruturas met\u00e1licas, implementos agr\u00edcolas e rodovi\u00e1rios, m\u00e1quinas e equipamentos.\" \/>\n<meta name=\"robots\" content=\"index, follow, max-snippet:-1, max-image-preview:large, max-video-preview:-1\" \/>\n<link rel=\"canonical\" href=\"https:\/\/avenidatintas.com\/ube\/produto\/tinta-esmalte-spray-sra-111\/\" \/>\n<meta property=\"og:locale\" content=\"pt_BR\" \/>\n<meta property=\"og:type\" content=\"article\" \/>\n<meta property=\"og:title\" content=\"Tinta esmalte spray SRA 111 - Avenida Tintas\" \/>\n<meta property=\"og:description\" content=\"DESCRI\u00c7\u00c3O DO PRODUTO:Tinta de acabamento a base de resina alqu\u00eddica. Possui alto desempenho e boa reten\u00e7\u00e3o de cor em ambientes externos.USOS RECOMENDADOS:Indicado para pintura de estruturas met\u00e1licas, implementos agr\u00edcolas e rodovi\u00e1rios, m\u00e1quinas e equipamentos.\" \/>\n<meta property=\"og:url\" content=\"https:\/\/avenidatintas.com\/ube\/produto\/tinta-esmalte-spray-sra-111\/\" \/>\n<meta property=\"og:site_name\" content=\"Avenida Tintas\" \/>\n<meta property=\"article:publisher\" content=\"https:\/\/www.facebook.com\/Avenida-Distribuidora-de-Tintas-Revenda-autorizada-WEG-100369271992882\" \/>\n<meta property=\"og:image\" content=\"https:\/\/avenidatintas.com\/ube\/wp-content\/uploads\/2021\/11\/WhatsApp-Image-2021-11-11-at-10.38.04.jpeg\" \/>\n\t<meta property=\"og:image:width\" content=\"419\" \/>\n\t<meta property=\"og:image:height\" content=\"414\" \/>\n\t<meta property=\"og:image:type\" content=\"image\/jpeg\" \/>\n<script type=\"application\/ld+json\" class=\"yoast-schema-graph\">{\"@context\":\"https:\\\/\\\/schema.org\",\"@graph\":[{\"@type\":\"WebPage\",\"@id\":\"https:\\\/\\\/avenidatintas.com\\\/ube\\\/produto\\\/tinta-esmalte-spray-sra-111\\\/\",\"url\":\"https:\\\/\\\/avenidatintas.com\\\/ube\\\/produto\\\/tinta-esmalte-spray-sra-111\\\/\",\"name\":\"Tinta esmalte spray SRA 111 - Avenida Tintas\",\"isPartOf\":{\"@id\":\"https:\\\/\\\/avenidatintas.com\\\/ube\\\/#website\"},\"primaryImageOfPage\":{\"@id\":\"https:\\\/\\\/avenidatintas.com\\\/ube\\\/produto\\\/tinta-esmalte-spray-sra-111\\\/#primaryimage\"},\"image\":{\"@id\":\"https:\\\/\\\/avenidatintas.com\\\/ube\\\/produto\\\/tinta-esmalte-spray-sra-111\\\/#primaryimage\"},\"thumbnailUrl\":\"https:\\\/\\\/avenidatintas.com\\\/ube\\\/wp-content\\\/uploads\\\/2021\\\/11\\\/WhatsApp-Image-2021-11-11-at-10.38.04.jpeg\",\"datePublished\":\"2021-11-11T13:43:35+00:00\",\"description\":\"DESCRI\u00c7\u00c3O DO PRODUTO:Tinta de acabamento a base de resina alqu\u00eddica. Possui alto desempenho e boa reten\u00e7\u00e3o de cor em ambientes externos.USOS RECOMENDADOS:Indicado para pintura de estruturas met\u00e1licas, implementos agr\u00edcolas e rodovi\u00e1rios, m\u00e1quinas e equipamentos.\",\"breadcrumb\":{\"@id\":\"https:\\\/\\\/avenidatintas.com\\\/ube\\\/produto\\\/tinta-esmalte-spray-sra-111\\\/#breadcrumb\"},\"inLanguage\":\"pt-BR\",\"potentialAction\":[{\"@type\":\"ReadAction\",\"target\":[\"https:\\\/\\\/avenidatintas.com\\\/ube\\\/produto\\\/tinta-esmalte-spray-sra-111\\\/\"]}]},{\"@type\":\"ImageObject\",\"inLanguage\":\"pt-BR\",\"@id\":\"https:\\\/\\\/avenidatintas.com\\\/ube\\\/produto\\\/tinta-esmalte-spray-sra-111\\\/#primaryimage\",\"url\":\"https:\\\/\\\/avenidatintas.com\\\/ube\\\/wp-content\\\/uploads\\\/2021\\\/11\\\/WhatsApp-Image-2021-11-11-at-10.38.04.jpeg\",\"contentUrl\":\"https:\\\/\\\/avenidatintas.com\\\/ube\\\/wp-content\\\/uploads\\\/2021\\\/11\\\/WhatsApp-Image-2021-11-11-at-10.38.04.jpeg\",\"width\":419,\"height\":414},{\"@type\":\"BreadcrumbList\",\"@id\":\"https:\\\/\\\/avenidatintas.com\\\/ube\\\/produto\\\/tinta-esmalte-spray-sra-111\\\/#breadcrumb\",\"itemListElement\":[{\"@type\":\"ListItem\",\"position\":1,\"name\":\"In\u00edcio\",\"item\":\"https:\\\/\\\/avenidatintas.com\\\/ube\\\/\"},{\"@type\":\"ListItem\",\"position\":2,\"name\":\"Produtos\",\"item\":\"https:\\\/\\\/avenidatintas.com\\\/ube\\\/loja\\\/\"},{\"@type\":\"ListItem\",\"position\":3,\"name\":\"Tinta esmalte spray SRA 111\"}]},{\"@type\":\"WebSite\",\"@id\":\"https:\\\/\\\/avenidatintas.com\\\/ube\\\/#website\",\"url\":\"https:\\\/\\\/avenidatintas.com\\\/ube\\\/\",\"name\":\"Avenida Tintas\",\"description\":\"Tintas para manuten\u00e7\u00e3o Industrial e Mar\u00edtima WEG; laborat\u00f3rio de prepara\u00e7\u00e3o de tintas\",\"potentialAction\":[{\"@type\":\"SearchAction\",\"target\":{\"@type\":\"EntryPoint\",\"urlTemplate\":\"https:\\\/\\\/avenidatintas.com\\\/ube\\\/?s={search_term_string}\"},\"query-input\":{\"@type\":\"PropertyValueSpecification\",\"valueRequired\":true,\"valueName\":\"search_term_string\"}}],\"inLanguage\":\"pt-BR\"}]}<\/script>\n<!-- \/ Yoast SEO plugin. -->","yoast_head_json":{"title":"Tinta esmalte spray SRA 111 - Avenida Tintas","description":"DESCRI\u00c7\u00c3O DO PRODUTO:Tinta de acabamento a base de resina alqu\u00eddica. Possui alto desempenho e boa reten\u00e7\u00e3o de cor em ambientes externos.USOS RECOMENDADOS:Indicado para pintura de estruturas met\u00e1licas, implementos agr\u00edcolas e rodovi\u00e1rios, m\u00e1quinas e equipamentos.","robots":{"index":"index","follow":"follow","max-snippet":"max-snippet:-1","max-image-preview":"max-image-preview:large","max-video-preview":"max-video-preview:-1"},"canonical":"https:\/\/avenidatintas.com\/ube\/produto\/tinta-esmalte-spray-sra-111\/","og_locale":"pt_BR","og_type":"article","og_title":"Tinta esmalte spray SRA 111 - Avenida Tintas","og_description":"DESCRI\u00c7\u00c3O DO PRODUTO:Tinta de acabamento a base de resina alqu\u00eddica. Possui alto desempenho e boa reten\u00e7\u00e3o de cor em ambientes externos.USOS RECOMENDADOS:Indicado para pintura de estruturas met\u00e1licas, implementos agr\u00edcolas e rodovi\u00e1rios, m\u00e1quinas e equipamentos.","og_url":"https:\/\/avenidatintas.com\/ube\/produto\/tinta-esmalte-spray-sra-111\/","og_site_name":"Avenida Tintas","article_publisher":"https:\/\/www.facebook.com\/Avenida-Distribuidora-de-Tintas-Revenda-autorizada-WEG-100369271992882","og_image":[{"width":419,"height":414,"url":"https:\/\/avenidatintas.com\/ube\/wp-content\/uploads\/2021\/11\/WhatsApp-Image-2021-11-11-at-10.38.04.jpeg","type":"image\/jpeg"}],"schema":{"@context":"https:\/\/schema.org","@graph":[{"@type":"WebPage","@id":"https:\/\/avenidatintas.com\/ube\/produto\/tinta-esmalte-spray-sra-111\/","url":"https:\/\/avenidatintas.com\/ube\/produto\/tinta-esmalte-spray-sra-111\/","name":"Tinta esmalte spray SRA 111 - Avenida Tintas","isPartOf":{"@id":"https:\/\/avenidatintas.com\/ube\/#website"},"primaryImageOfPage":{"@id":"https:\/\/avenidatintas.com\/ube\/produto\/tinta-esmalte-spray-sra-111\/#primaryimage"},"image":{"@id":"https:\/\/avenidatintas.com\/ube\/produto\/tinta-esmalte-spray-sra-111\/#primaryimage"},"thumbnailUrl":"https:\/\/avenidatintas.com\/ube\/wp-content\/uploads\/2021\/11\/WhatsApp-Image-2021-11-11-at-10.38.04.jpeg","datePublished":"2021-11-11T13:43:35+00:00","description":"DESCRI\u00c7\u00c3O DO PRODUTO:Tinta de acabamento a base de resina alqu\u00eddica. Possui alto desempenho e boa reten\u00e7\u00e3o de cor em ambientes externos.USOS RECOMENDADOS:Indicado para pintura de estruturas met\u00e1licas, implementos agr\u00edcolas e rodovi\u00e1rios, m\u00e1quinas e equipamentos.","breadcrumb":{"@id":"https:\/\/avenidatintas.com\/ube\/produto\/tinta-esmalte-spray-sra-111\/#breadcrumb"},"inLanguage":"pt-BR","potentialAction":[{"@type":"ReadAction","target":["https:\/\/avenidatintas.com\/ube\/produto\/tinta-esmalte-spray-sra-111\/"]}]},{"@type":"ImageObject","inLanguage":"pt-BR","@id":"https:\/\/avenidatintas.com\/ube\/produto\/tinta-esmalte-spray-sra-111\/#primaryimage","url":"https:\/\/avenidatintas.com\/ube\/wp-content\/uploads\/2021\/11\/WhatsApp-Image-2021-11-11-at-10.38.04.jpeg","contentUrl":"https:\/\/avenidatintas.com\/ube\/wp-content\/uploads\/2021\/11\/WhatsApp-Image-2021-11-11-at-10.38.04.jpeg","width":419,"height":414},{"@type":"BreadcrumbList","@id":"https:\/\/avenidatintas.com\/ube\/produto\/tinta-esmalte-spray-sra-111\/#breadcrumb","itemListElement":[{"@type":"ListItem","position":1,"name":"In\u00edcio","item":"https:\/\/avenidatintas.com\/ube\/"},{"@type":"ListItem","position":2,"name":"Produtos","item":"https:\/\/avenidatintas.com\/ube\/loja\/"},{"@type":"ListItem","position":3,"name":"Tinta esmalte spray SRA 111"}]},{"@type":"WebSite","@id":"https:\/\/avenidatintas.com\/ube\/#website","url":"https:\/\/avenidatintas.com\/ube\/","name":"Avenida Tintas","description":"Tintas para manuten\u00e7\u00e3o Industrial e Mar\u00edtima WEG; laborat\u00f3rio de prepara\u00e7\u00e3o de tintas","potentialAction":[{"@type":"SearchAction","target":{"@type":"EntryPoint","urlTemplate":"https:\/\/avenidatintas.com\/ube\/?s={search_term_string}"},"query-input":{"@type":"PropertyValueSpecification","valueRequired":true,"valueName":"search_term_string"}}],"inLanguage":"pt-BR"}]}},"_links":{"self":[{"href":"https:\/\/avenidatintas.com\/ube\/wp-json\/wp\/v2\/product\/1996","targetHints":{"allow":["GET"]}}],"collection":[{"href":"https:\/\/avenidatintas.com\/ube\/wp-json\/wp\/v2\/product"}],"about":[{"href":"https:\/\/avenidatintas.com\/ube\/wp-json\/wp\/v2\/types\/product"}],"wp:featuredmedia":[{"embeddable":true,"href":"https:\/\/avenidatintas.com\/ube\/wp-json\/wp\/v2\/media\/2010"}],"wp:attachment":[{"href":"https:\/\/avenidatintas.com\/ube\/wp-json\/wp\/v2\/media?parent=1996"}],"wp:term":[{"taxonomy":"product_brand","embeddable":true,"href":"https:\/\/avenidatintas.com\/ube\/wp-json\/wp\/v2\/product_brand?post=1996"},{"taxonomy":"product_cat","embeddable":true,"href":"https:\/\/avenidatintas.com\/ube\/wp-json\/wp\/v2\/product_cat?post=1996"},{"taxonomy":"product_tag","embeddable":true,"href":"https:\/\/avenidatintas.com\/ube\/wp-json\/wp\/v2\/product_tag?post=1996"}],"curies":[{"name":"wp","href":"https:\/\/api.w.org\/{rel}","templated":true}]}}