{"id":1986,"date":"2021-10-01T14:18:32","date_gmt":"2021-10-01T17:18:32","guid":{"rendered":"https:\/\/avenidatintas.com\/?post_type=product&#038;p=1986"},"modified":"2021-10-01T14:18:32","modified_gmt":"2021-10-01T17:18:32","slug":"politherm-25-r-li-cinza-n65-br","status":"publish","type":"product","link":"https:\/\/avenidatintas.com\/ube\/produto\/politherm-25-r-li-cinza-n65-br\/","title":{"rendered":"POLITHERM 25 R LI CINZA N6,5 BR"},"content":{"rendered":"<p>DESCRI\u00c7\u00c3O \/ USO: Recobrimento de pe\u00e7as met\u00e1licas para uso interno. Atende \u00e0s especifica\u00e7\u00f5es da norma Petrobr\u00e1s<br \/>\nN-2841- Rev B, quando utilizada como primer ep\u00f3xi conforme item 6.5 da referida norma.<\/p>\n","protected":false},"excerpt":{"rendered":"<p>DESCRI\u00c7\u00c3O \/ USO: Recobrimento de pe\u00e7as met\u00e1licas para uso interno. Atende \u00e0s especifica\u00e7\u00f5es da norma Petrobr\u00e1s<br \/>\nN-2841- Rev B, quando utilizada como primer ep\u00f3xi conforme item 6.5 da referida norma.<\/p>\n","protected":false},"featured_media":532,"template":"","meta":{"_et_pb_use_builder":"","_et_pb_old_content":"","_et_gb_content_width":""},"product_brand":[],"product_cat":[25,18,28],"product_tag":[337,133,239,238,340,339,188,338,45],"class_list":{"0":"post-1986","1":"product","2":"type-product","3":"status-publish","4":"has-post-thumbnail","6":"product_cat-epoxi","7":"product_cat-tintas-em-po","8":"product_cat-w-eco-livre-de-metais-pesados","9":"product_tag-atende-norma-n-2841","10":"product_tag-epoxi","11":"product_tag-norma-petrobras","12":"product_tag-normatizada","13":"product_tag-pecas-metalicas","14":"product_tag-po","15":"product_tag-primer","16":"product_tag-tinta-po","17":"product_tag-weg","19":"first","20":"instock","21":"shipping-taxable","22":"purchasable","23":"product-type-variable"},"yoast_head":"<!-- This site is optimized with the Yoast SEO plugin v27.3 - https:\/\/yoast.com\/product\/yoast-seo-wordpress\/ -->\n<title>POLITHERM 25 R LI CINZA N6,5 BR - Avenida Tintas<\/title>\n<meta name=\"description\" content=\"DESCRI\u00c7\u00c3O \/ USO: Recobrimento de pe\u00e7as met\u00e1licas para uso interno. Atende \u00e0s especifica\u00e7\u00f5es da norma Petrobr\u00e1sN-2841- Rev B, quando utilizada como primer ep\u00f3xi conforme item 6.5 da referida norma.\" \/>\n<meta name=\"robots\" content=\"index, follow, max-snippet:-1, max-image-preview:large, max-video-preview:-1\" \/>\n<link rel=\"canonical\" href=\"https:\/\/avenidatintas.com\/ube\/produto\/politherm-25-r-li-cinza-n65-br\/\" \/>\n<meta property=\"og:locale\" content=\"pt_BR\" \/>\n<meta property=\"og:type\" content=\"article\" \/>\n<meta property=\"og:title\" content=\"POLITHERM 25 R LI CINZA N6,5 BR - Avenida Tintas\" \/>\n<meta property=\"og:description\" content=\"DESCRI\u00c7\u00c3O \/ USO: Recobrimento de pe\u00e7as met\u00e1licas para uso interno. Atende \u00e0s especifica\u00e7\u00f5es da norma Petrobr\u00e1sN-2841- Rev B, quando utilizada como primer ep\u00f3xi conforme item 6.5 da referida norma.\" \/>\n<meta property=\"og:url\" content=\"https:\/\/avenidatintas.com\/ube\/produto\/politherm-25-r-li-cinza-n65-br\/\" \/>\n<meta property=\"og:site_name\" content=\"Avenida Tintas\" \/>\n<meta property=\"article:publisher\" content=\"https:\/\/www.facebook.com\/Avenida-Distribuidora-de-Tintas-Revenda-autorizada-WEG-100369271992882\" \/>\n<meta property=\"og:image\" content=\"https:\/\/avenidatintas.com\/ube\/wp-content\/uploads\/2017\/07\/wzn.jpg\" \/>\n\t<meta property=\"og:image:width\" content=\"533\" \/>\n\t<meta property=\"og:image:height\" content=\"542\" \/>\n\t<meta property=\"og:image:type\" content=\"image\/jpeg\" \/>\n<script type=\"application\/ld+json\" class=\"yoast-schema-graph\">{\"@context\":\"https:\\\/\\\/schema.org\",\"@graph\":[{\"@type\":\"WebPage\",\"@id\":\"https:\\\/\\\/avenidatintas.com\\\/ube\\\/produto\\\/politherm-25-r-li-cinza-n65-br\\\/\",\"url\":\"https:\\\/\\\/avenidatintas.com\\\/ube\\\/produto\\\/politherm-25-r-li-cinza-n65-br\\\/\",\"name\":\"POLITHERM 25 R LI CINZA N6,5 BR - Avenida Tintas\",\"isPartOf\":{\"@id\":\"https:\\\/\\\/avenidatintas.com\\\/ube\\\/#website\"},\"primaryImageOfPage\":{\"@id\":\"https:\\\/\\\/avenidatintas.com\\\/ube\\\/produto\\\/politherm-25-r-li-cinza-n65-br\\\/#primaryimage\"},\"image\":{\"@id\":\"https:\\\/\\\/avenidatintas.com\\\/ube\\\/produto\\\/politherm-25-r-li-cinza-n65-br\\\/#primaryimage\"},\"thumbnailUrl\":\"https:\\\/\\\/avenidatintas.com\\\/ube\\\/wp-content\\\/uploads\\\/2017\\\/07\\\/wzn.jpg\",\"datePublished\":\"2021-10-01T17:18:32+00:00\",\"description\":\"DESCRI\u00c7\u00c3O \\\/ USO: Recobrimento de pe\u00e7as met\u00e1licas para uso interno. Atende \u00e0s especifica\u00e7\u00f5es da norma Petrobr\u00e1sN-2841- Rev B, quando utilizada como primer ep\u00f3xi conforme item 6.5 da referida norma.\",\"breadcrumb\":{\"@id\":\"https:\\\/\\\/avenidatintas.com\\\/ube\\\/produto\\\/politherm-25-r-li-cinza-n65-br\\\/#breadcrumb\"},\"inLanguage\":\"pt-BR\",\"potentialAction\":[{\"@type\":\"ReadAction\",\"target\":[\"https:\\\/\\\/avenidatintas.com\\\/ube\\\/produto\\\/politherm-25-r-li-cinza-n65-br\\\/\"]}]},{\"@type\":\"ImageObject\",\"inLanguage\":\"pt-BR\",\"@id\":\"https:\\\/\\\/avenidatintas.com\\\/ube\\\/produto\\\/politherm-25-r-li-cinza-n65-br\\\/#primaryimage\",\"url\":\"https:\\\/\\\/avenidatintas.com\\\/ube\\\/wp-content\\\/uploads\\\/2017\\\/07\\\/wzn.jpg\",\"contentUrl\":\"https:\\\/\\\/avenidatintas.com\\\/ube\\\/wp-content\\\/uploads\\\/2017\\\/07\\\/wzn.jpg\",\"width\":533,\"height\":542},{\"@type\":\"BreadcrumbList\",\"@id\":\"https:\\\/\\\/avenidatintas.com\\\/ube\\\/produto\\\/politherm-25-r-li-cinza-n65-br\\\/#breadcrumb\",\"itemListElement\":[{\"@type\":\"ListItem\",\"position\":1,\"name\":\"In\u00edcio\",\"item\":\"https:\\\/\\\/avenidatintas.com\\\/ube\\\/\"},{\"@type\":\"ListItem\",\"position\":2,\"name\":\"Produtos\",\"item\":\"https:\\\/\\\/avenidatintas.com\\\/ube\\\/loja\\\/\"},{\"@type\":\"ListItem\",\"position\":3,\"name\":\"POLITHERM 25 R LI CINZA N6,5 BR\"}]},{\"@type\":\"WebSite\",\"@id\":\"https:\\\/\\\/avenidatintas.com\\\/ube\\\/#website\",\"url\":\"https:\\\/\\\/avenidatintas.com\\\/ube\\\/\",\"name\":\"Avenida Tintas\",\"description\":\"Tintas para manuten\u00e7\u00e3o Industrial e Mar\u00edtima WEG; laborat\u00f3rio de prepara\u00e7\u00e3o de tintas\",\"potentialAction\":[{\"@type\":\"SearchAction\",\"target\":{\"@type\":\"EntryPoint\",\"urlTemplate\":\"https:\\\/\\\/avenidatintas.com\\\/ube\\\/?s={search_term_string}\"},\"query-input\":{\"@type\":\"PropertyValueSpecification\",\"valueRequired\":true,\"valueName\":\"search_term_string\"}}],\"inLanguage\":\"pt-BR\"}]}<\/script>\n<!-- \/ Yoast SEO plugin. -->","yoast_head_json":{"title":"POLITHERM 25 R LI CINZA N6,5 BR - Avenida Tintas","description":"DESCRI\u00c7\u00c3O \/ USO: Recobrimento de pe\u00e7as met\u00e1licas para uso interno. Atende \u00e0s especifica\u00e7\u00f5es da norma Petrobr\u00e1sN-2841- Rev B, quando utilizada como primer ep\u00f3xi conforme item 6.5 da referida norma.","robots":{"index":"index","follow":"follow","max-snippet":"max-snippet:-1","max-image-preview":"max-image-preview:large","max-video-preview":"max-video-preview:-1"},"canonical":"https:\/\/avenidatintas.com\/ube\/produto\/politherm-25-r-li-cinza-n65-br\/","og_locale":"pt_BR","og_type":"article","og_title":"POLITHERM 25 R LI CINZA N6,5 BR - Avenida Tintas","og_description":"DESCRI\u00c7\u00c3O \/ USO: Recobrimento de pe\u00e7as met\u00e1licas para uso interno. Atende \u00e0s especifica\u00e7\u00f5es da norma Petrobr\u00e1sN-2841- Rev B, quando utilizada como primer ep\u00f3xi conforme item 6.5 da referida norma.","og_url":"https:\/\/avenidatintas.com\/ube\/produto\/politherm-25-r-li-cinza-n65-br\/","og_site_name":"Avenida Tintas","article_publisher":"https:\/\/www.facebook.com\/Avenida-Distribuidora-de-Tintas-Revenda-autorizada-WEG-100369271992882","og_image":[{"width":533,"height":542,"url":"https:\/\/avenidatintas.com\/ube\/wp-content\/uploads\/2017\/07\/wzn.jpg","type":"image\/jpeg"}],"schema":{"@context":"https:\/\/schema.org","@graph":[{"@type":"WebPage","@id":"https:\/\/avenidatintas.com\/ube\/produto\/politherm-25-r-li-cinza-n65-br\/","url":"https:\/\/avenidatintas.com\/ube\/produto\/politherm-25-r-li-cinza-n65-br\/","name":"POLITHERM 25 R LI CINZA N6,5 BR - Avenida Tintas","isPartOf":{"@id":"https:\/\/avenidatintas.com\/ube\/#website"},"primaryImageOfPage":{"@id":"https:\/\/avenidatintas.com\/ube\/produto\/politherm-25-r-li-cinza-n65-br\/#primaryimage"},"image":{"@id":"https:\/\/avenidatintas.com\/ube\/produto\/politherm-25-r-li-cinza-n65-br\/#primaryimage"},"thumbnailUrl":"https:\/\/avenidatintas.com\/ube\/wp-content\/uploads\/2017\/07\/wzn.jpg","datePublished":"2021-10-01T17:18:32+00:00","description":"DESCRI\u00c7\u00c3O \/ USO: Recobrimento de pe\u00e7as met\u00e1licas para uso interno. Atende \u00e0s especifica\u00e7\u00f5es da norma Petrobr\u00e1sN-2841- Rev B, quando utilizada como primer ep\u00f3xi conforme item 6.5 da referida norma.","breadcrumb":{"@id":"https:\/\/avenidatintas.com\/ube\/produto\/politherm-25-r-li-cinza-n65-br\/#breadcrumb"},"inLanguage":"pt-BR","potentialAction":[{"@type":"ReadAction","target":["https:\/\/avenidatintas.com\/ube\/produto\/politherm-25-r-li-cinza-n65-br\/"]}]},{"@type":"ImageObject","inLanguage":"pt-BR","@id":"https:\/\/avenidatintas.com\/ube\/produto\/politherm-25-r-li-cinza-n65-br\/#primaryimage","url":"https:\/\/avenidatintas.com\/ube\/wp-content\/uploads\/2017\/07\/wzn.jpg","contentUrl":"https:\/\/avenidatintas.com\/ube\/wp-content\/uploads\/2017\/07\/wzn.jpg","width":533,"height":542},{"@type":"BreadcrumbList","@id":"https:\/\/avenidatintas.com\/ube\/produto\/politherm-25-r-li-cinza-n65-br\/#breadcrumb","itemListElement":[{"@type":"ListItem","position":1,"name":"In\u00edcio","item":"https:\/\/avenidatintas.com\/ube\/"},{"@type":"ListItem","position":2,"name":"Produtos","item":"https:\/\/avenidatintas.com\/ube\/loja\/"},{"@type":"ListItem","position":3,"name":"POLITHERM 25 R LI CINZA N6,5 BR"}]},{"@type":"WebSite","@id":"https:\/\/avenidatintas.com\/ube\/#website","url":"https:\/\/avenidatintas.com\/ube\/","name":"Avenida Tintas","description":"Tintas para manuten\u00e7\u00e3o Industrial e Mar\u00edtima WEG; laborat\u00f3rio de prepara\u00e7\u00e3o de tintas","potentialAction":[{"@type":"SearchAction","target":{"@type":"EntryPoint","urlTemplate":"https:\/\/avenidatintas.com\/ube\/?s={search_term_string}"},"query-input":{"@type":"PropertyValueSpecification","valueRequired":true,"valueName":"search_term_string"}}],"inLanguage":"pt-BR"}]}},"_links":{"self":[{"href":"https:\/\/avenidatintas.com\/ube\/wp-json\/wp\/v2\/product\/1986","targetHints":{"allow":["GET"]}}],"collection":[{"href":"https:\/\/avenidatintas.com\/ube\/wp-json\/wp\/v2\/product"}],"about":[{"href":"https:\/\/avenidatintas.com\/ube\/wp-json\/wp\/v2\/types\/product"}],"wp:featuredmedia":[{"embeddable":true,"href":"https:\/\/avenidatintas.com\/ube\/wp-json\/wp\/v2\/media\/532"}],"wp:attachment":[{"href":"https:\/\/avenidatintas.com\/ube\/wp-json\/wp\/v2\/media?parent=1986"}],"wp:term":[{"taxonomy":"product_brand","embeddable":true,"href":"https:\/\/avenidatintas.com\/ube\/wp-json\/wp\/v2\/product_brand?post=1986"},{"taxonomy":"product_cat","embeddable":true,"href":"https:\/\/avenidatintas.com\/ube\/wp-json\/wp\/v2\/product_cat?post=1986"},{"taxonomy":"product_tag","embeddable":true,"href":"https:\/\/avenidatintas.com\/ube\/wp-json\/wp\/v2\/product_tag?post=1986"}],"curies":[{"name":"wp","href":"https:\/\/api.w.org\/{rel}","templated":true}]}}