{"id":1809,"date":"2021-09-27T11:14:36","date_gmt":"2021-09-27T14:14:36","guid":{"rendered":"https:\/\/avenidatintas.com\/?post_type=product&#038;p=1809"},"modified":"2021-09-27T11:14:37","modified_gmt":"2021-09-27T14:14:37","slug":"etil-silicato-zinco-n-1661","status":"publish","type":"product","link":"https:\/\/avenidatintas.com\/ube\/produto\/etil-silicato-zinco-n-1661\/","title":{"rendered":"ETIL SILICATO ZINCO N 1661"},"content":{"rendered":"<p>DESCRI\u00c7\u00c3O DO PRODUTO:<br \/>\nEtil silicato inorg\u00e2nico de zinco bicomponente. Oferece prote\u00e7\u00e3o anticorrosiva galv\u00e2nica ao a\u00e7o carbono.<\/p>\n","protected":false},"excerpt":{"rendered":"<p>USOS RECOMENDADOS:<br \/>\nPrimer anticorrosivo para prote\u00e7\u00e3o de estruturas met\u00e1licas, chapas, pontes, containers, guindastes portu\u00e1rios. Amplamente utilizado na ind\u00fastria offshore e naval, assim como plataformas mar\u00edtimas. Adequado para a prote\u00e7\u00e3o interna de tanques de armazenamento de etanol (consulte o Departamento T\u00e9cnico da WEG para mais informa\u00e7\u00f5es).<\/p>\n","protected":false},"featured_media":1114,"template":"","meta":{"_et_pb_use_builder":"","_et_pb_old_content":"","_et_gb_content_width":""},"product_brand":[],"product_cat":[197,21,23,17],"product_tag":[261,163,220,272,149,266,268,154,271,265,269,270,239,238,144,267,145,45,260],"class_list":{"0":"post-1809","1":"product","2":"type-product","3":"status-publish","4":"has-post-thumbnail","6":"product_cat-epoxi-industriais","7":"product_cat-industriais","8":"product_cat-normas-petrobras","9":"product_cat-tintas-liquidas","10":"product_tag-acao-galvanica","11":"product_tag-aco-carbono","12":"product_tag-anticorrosiva","13":"product_tag-atende-norma-n-1661","14":"product_tag-bicomponente","15":"product_tag-chapas","16":"product_tag-containers","17":"product_tag-estruturas-metalicas","18":"product_tag-etanol","19":"product_tag-etil-silicato","20":"product_tag-guindastes-portuarios","21":"product_tag-naval","22":"product_tag-norma-petrobras","23":"product_tag-normatizada","24":"product_tag-offshore","25":"product_tag-pontes","26":"product_tag-tanques","27":"product_tag-weg","28":"product_tag-zinco","30":"first","31":"instock","32":"shipping-taxable","33":"purchasable","34":"product-type-variable"},"yoast_head":"<!-- This site is optimized with the Yoast SEO plugin v27.3 - https:\/\/yoast.com\/product\/yoast-seo-wordpress\/ -->\n<title>ETIL SILICATO ZINCO N 1661 - Avenida Tintas<\/title>\n<meta name=\"description\" content=\"DESCRI\u00c7\u00c3O DO PRODUTO:Etil silicato inorg\u00e2nico de zinco bicomponente. Oferece prote\u00e7\u00e3o anticorrosiva galv\u00e2nica ao a\u00e7o carbono.USOS RECOMENDADOS:Primer anticorrosivo para prote\u00e7\u00e3o de estruturas met\u00e1licas, chapas, pontes, containers, guindastes portu\u00e1rios. Amplamente utilizado na ind\u00fastria offshore e naval, assim como plataformas mar\u00edtimas. Adequado para a prote\u00e7\u00e3o interna de tanques de armazenamento de etanol (consulte o Departamento T\u00e9cnico da WEG para mais informa\u00e7\u00f5es).\" \/>\n<meta name=\"robots\" content=\"index, follow, max-snippet:-1, max-image-preview:large, max-video-preview:-1\" \/>\n<link rel=\"canonical\" href=\"https:\/\/avenidatintas.com\/ube\/produto\/etil-silicato-zinco-n-1661\/\" \/>\n<meta property=\"og:locale\" content=\"pt_BR\" \/>\n<meta property=\"og:type\" content=\"article\" \/>\n<meta property=\"og:title\" content=\"ETIL SILICATO ZINCO N 1661 - Avenida Tintas\" \/>\n<meta property=\"og:description\" content=\"DESCRI\u00c7\u00c3O DO PRODUTO:Etil silicato inorg\u00e2nico de zinco bicomponente. Oferece prote\u00e7\u00e3o anticorrosiva galv\u00e2nica ao a\u00e7o carbono.USOS RECOMENDADOS:Primer anticorrosivo para prote\u00e7\u00e3o de estruturas met\u00e1licas, chapas, pontes, containers, guindastes portu\u00e1rios. Amplamente utilizado na ind\u00fastria offshore e naval, assim como plataformas mar\u00edtimas. Adequado para a prote\u00e7\u00e3o interna de tanques de armazenamento de etanol (consulte o Departamento T\u00e9cnico da WEG para mais informa\u00e7\u00f5es).\" \/>\n<meta property=\"og:url\" content=\"https:\/\/avenidatintas.com\/ube\/produto\/etil-silicato-zinco-n-1661\/\" \/>\n<meta property=\"og:site_name\" content=\"Avenida Tintas\" \/>\n<meta property=\"article:publisher\" content=\"https:\/\/www.facebook.com\/Avenida-Distribuidora-de-Tintas-Revenda-autorizada-WEG-100369271992882\" \/>\n<meta property=\"article:modified_time\" content=\"2021-09-27T14:14:37+00:00\" \/>\n<meta property=\"og:image\" content=\"https:\/\/avenidatintas.com\/ube\/wp-content\/uploads\/2021\/06\/W-VIARIA-CVP-605.jpg\" \/>\n\t<meta property=\"og:image:width\" content=\"680\" \/>\n\t<meta property=\"og:image:height\" content=\"680\" \/>\n\t<meta property=\"og:image:type\" content=\"image\/jpeg\" \/>\n<script type=\"application\/ld+json\" class=\"yoast-schema-graph\">{\"@context\":\"https:\\\/\\\/schema.org\",\"@graph\":[{\"@type\":\"WebPage\",\"@id\":\"https:\\\/\\\/avenidatintas.com\\\/ube\\\/produto\\\/etil-silicato-zinco-n-1661\\\/\",\"url\":\"https:\\\/\\\/avenidatintas.com\\\/ube\\\/produto\\\/etil-silicato-zinco-n-1661\\\/\",\"name\":\"ETIL SILICATO ZINCO N 1661 - Avenida Tintas\",\"isPartOf\":{\"@id\":\"https:\\\/\\\/avenidatintas.com\\\/ube\\\/#website\"},\"primaryImageOfPage\":{\"@id\":\"https:\\\/\\\/avenidatintas.com\\\/ube\\\/produto\\\/etil-silicato-zinco-n-1661\\\/#primaryimage\"},\"image\":{\"@id\":\"https:\\\/\\\/avenidatintas.com\\\/ube\\\/produto\\\/etil-silicato-zinco-n-1661\\\/#primaryimage\"},\"thumbnailUrl\":\"https:\\\/\\\/avenidatintas.com\\\/ube\\\/wp-content\\\/uploads\\\/2021\\\/06\\\/W-VIARIA-CVP-605.jpg\",\"datePublished\":\"2021-09-27T14:14:36+00:00\",\"dateModified\":\"2021-09-27T14:14:37+00:00\",\"description\":\"DESCRI\u00c7\u00c3O DO PRODUTO:Etil silicato inorg\u00e2nico de zinco bicomponente. Oferece prote\u00e7\u00e3o anticorrosiva galv\u00e2nica ao a\u00e7o carbono.USOS RECOMENDADOS:Primer anticorrosivo para prote\u00e7\u00e3o de estruturas met\u00e1licas, chapas, pontes, containers, guindastes portu\u00e1rios. Amplamente utilizado na ind\u00fastria offshore e naval, assim como plataformas mar\u00edtimas. Adequado para a prote\u00e7\u00e3o interna de tanques de armazenamento de etanol (consulte o Departamento T\u00e9cnico da WEG para mais informa\u00e7\u00f5es).\",\"breadcrumb\":{\"@id\":\"https:\\\/\\\/avenidatintas.com\\\/ube\\\/produto\\\/etil-silicato-zinco-n-1661\\\/#breadcrumb\"},\"inLanguage\":\"pt-BR\",\"potentialAction\":[{\"@type\":\"ReadAction\",\"target\":[\"https:\\\/\\\/avenidatintas.com\\\/ube\\\/produto\\\/etil-silicato-zinco-n-1661\\\/\"]}]},{\"@type\":\"ImageObject\",\"inLanguage\":\"pt-BR\",\"@id\":\"https:\\\/\\\/avenidatintas.com\\\/ube\\\/produto\\\/etil-silicato-zinco-n-1661\\\/#primaryimage\",\"url\":\"https:\\\/\\\/avenidatintas.com\\\/ube\\\/wp-content\\\/uploads\\\/2021\\\/06\\\/W-VIARIA-CVP-605.jpg\",\"contentUrl\":\"https:\\\/\\\/avenidatintas.com\\\/ube\\\/wp-content\\\/uploads\\\/2021\\\/06\\\/W-VIARIA-CVP-605.jpg\",\"width\":680,\"height\":680},{\"@type\":\"BreadcrumbList\",\"@id\":\"https:\\\/\\\/avenidatintas.com\\\/ube\\\/produto\\\/etil-silicato-zinco-n-1661\\\/#breadcrumb\",\"itemListElement\":[{\"@type\":\"ListItem\",\"position\":1,\"name\":\"In\u00edcio\",\"item\":\"https:\\\/\\\/avenidatintas.com\\\/ube\\\/\"},{\"@type\":\"ListItem\",\"position\":2,\"name\":\"Produtos\",\"item\":\"https:\\\/\\\/avenidatintas.com\\\/ube\\\/loja\\\/\"},{\"@type\":\"ListItem\",\"position\":3,\"name\":\"ETIL SILICATO ZINCO N 1661\"}]},{\"@type\":\"WebSite\",\"@id\":\"https:\\\/\\\/avenidatintas.com\\\/ube\\\/#website\",\"url\":\"https:\\\/\\\/avenidatintas.com\\\/ube\\\/\",\"name\":\"Avenida Tintas\",\"description\":\"Tintas para manuten\u00e7\u00e3o Industrial e Mar\u00edtima WEG; laborat\u00f3rio de prepara\u00e7\u00e3o de tintas\",\"potentialAction\":[{\"@type\":\"SearchAction\",\"target\":{\"@type\":\"EntryPoint\",\"urlTemplate\":\"https:\\\/\\\/avenidatintas.com\\\/ube\\\/?s={search_term_string}\"},\"query-input\":{\"@type\":\"PropertyValueSpecification\",\"valueRequired\":true,\"valueName\":\"search_term_string\"}}],\"inLanguage\":\"pt-BR\"}]}<\/script>\n<!-- \/ Yoast SEO plugin. -->","yoast_head_json":{"title":"ETIL SILICATO ZINCO N 1661 - Avenida Tintas","description":"DESCRI\u00c7\u00c3O DO PRODUTO:Etil silicato inorg\u00e2nico de zinco bicomponente. Oferece prote\u00e7\u00e3o anticorrosiva galv\u00e2nica ao a\u00e7o carbono.USOS RECOMENDADOS:Primer anticorrosivo para prote\u00e7\u00e3o de estruturas met\u00e1licas, chapas, pontes, containers, guindastes portu\u00e1rios. Amplamente utilizado na ind\u00fastria offshore e naval, assim como plataformas mar\u00edtimas. Adequado para a prote\u00e7\u00e3o interna de tanques de armazenamento de etanol (consulte o Departamento T\u00e9cnico da WEG para mais informa\u00e7\u00f5es).","robots":{"index":"index","follow":"follow","max-snippet":"max-snippet:-1","max-image-preview":"max-image-preview:large","max-video-preview":"max-video-preview:-1"},"canonical":"https:\/\/avenidatintas.com\/ube\/produto\/etil-silicato-zinco-n-1661\/","og_locale":"pt_BR","og_type":"article","og_title":"ETIL SILICATO ZINCO N 1661 - Avenida Tintas","og_description":"DESCRI\u00c7\u00c3O DO PRODUTO:Etil silicato inorg\u00e2nico de zinco bicomponente. Oferece prote\u00e7\u00e3o anticorrosiva galv\u00e2nica ao a\u00e7o carbono.USOS RECOMENDADOS:Primer anticorrosivo para prote\u00e7\u00e3o de estruturas met\u00e1licas, chapas, pontes, containers, guindastes portu\u00e1rios. Amplamente utilizado na ind\u00fastria offshore e naval, assim como plataformas mar\u00edtimas. Adequado para a prote\u00e7\u00e3o interna de tanques de armazenamento de etanol (consulte o Departamento T\u00e9cnico da WEG para mais informa\u00e7\u00f5es).","og_url":"https:\/\/avenidatintas.com\/ube\/produto\/etil-silicato-zinco-n-1661\/","og_site_name":"Avenida Tintas","article_publisher":"https:\/\/www.facebook.com\/Avenida-Distribuidora-de-Tintas-Revenda-autorizada-WEG-100369271992882","article_modified_time":"2021-09-27T14:14:37+00:00","og_image":[{"width":680,"height":680,"url":"https:\/\/avenidatintas.com\/ube\/wp-content\/uploads\/2021\/06\/W-VIARIA-CVP-605.jpg","type":"image\/jpeg"}],"schema":{"@context":"https:\/\/schema.org","@graph":[{"@type":"WebPage","@id":"https:\/\/avenidatintas.com\/ube\/produto\/etil-silicato-zinco-n-1661\/","url":"https:\/\/avenidatintas.com\/ube\/produto\/etil-silicato-zinco-n-1661\/","name":"ETIL SILICATO ZINCO N 1661 - Avenida Tintas","isPartOf":{"@id":"https:\/\/avenidatintas.com\/ube\/#website"},"primaryImageOfPage":{"@id":"https:\/\/avenidatintas.com\/ube\/produto\/etil-silicato-zinco-n-1661\/#primaryimage"},"image":{"@id":"https:\/\/avenidatintas.com\/ube\/produto\/etil-silicato-zinco-n-1661\/#primaryimage"},"thumbnailUrl":"https:\/\/avenidatintas.com\/ube\/wp-content\/uploads\/2021\/06\/W-VIARIA-CVP-605.jpg","datePublished":"2021-09-27T14:14:36+00:00","dateModified":"2021-09-27T14:14:37+00:00","description":"DESCRI\u00c7\u00c3O DO PRODUTO:Etil silicato inorg\u00e2nico de zinco bicomponente. Oferece prote\u00e7\u00e3o anticorrosiva galv\u00e2nica ao a\u00e7o carbono.USOS RECOMENDADOS:Primer anticorrosivo para prote\u00e7\u00e3o de estruturas met\u00e1licas, chapas, pontes, containers, guindastes portu\u00e1rios. Amplamente utilizado na ind\u00fastria offshore e naval, assim como plataformas mar\u00edtimas. Adequado para a prote\u00e7\u00e3o interna de tanques de armazenamento de etanol (consulte o Departamento T\u00e9cnico da WEG para mais informa\u00e7\u00f5es).","breadcrumb":{"@id":"https:\/\/avenidatintas.com\/ube\/produto\/etil-silicato-zinco-n-1661\/#breadcrumb"},"inLanguage":"pt-BR","potentialAction":[{"@type":"ReadAction","target":["https:\/\/avenidatintas.com\/ube\/produto\/etil-silicato-zinco-n-1661\/"]}]},{"@type":"ImageObject","inLanguage":"pt-BR","@id":"https:\/\/avenidatintas.com\/ube\/produto\/etil-silicato-zinco-n-1661\/#primaryimage","url":"https:\/\/avenidatintas.com\/ube\/wp-content\/uploads\/2021\/06\/W-VIARIA-CVP-605.jpg","contentUrl":"https:\/\/avenidatintas.com\/ube\/wp-content\/uploads\/2021\/06\/W-VIARIA-CVP-605.jpg","width":680,"height":680},{"@type":"BreadcrumbList","@id":"https:\/\/avenidatintas.com\/ube\/produto\/etil-silicato-zinco-n-1661\/#breadcrumb","itemListElement":[{"@type":"ListItem","position":1,"name":"In\u00edcio","item":"https:\/\/avenidatintas.com\/ube\/"},{"@type":"ListItem","position":2,"name":"Produtos","item":"https:\/\/avenidatintas.com\/ube\/loja\/"},{"@type":"ListItem","position":3,"name":"ETIL SILICATO ZINCO N 1661"}]},{"@type":"WebSite","@id":"https:\/\/avenidatintas.com\/ube\/#website","url":"https:\/\/avenidatintas.com\/ube\/","name":"Avenida Tintas","description":"Tintas para manuten\u00e7\u00e3o Industrial e Mar\u00edtima WEG; laborat\u00f3rio de prepara\u00e7\u00e3o de tintas","potentialAction":[{"@type":"SearchAction","target":{"@type":"EntryPoint","urlTemplate":"https:\/\/avenidatintas.com\/ube\/?s={search_term_string}"},"query-input":{"@type":"PropertyValueSpecification","valueRequired":true,"valueName":"search_term_string"}}],"inLanguage":"pt-BR"}]}},"_links":{"self":[{"href":"https:\/\/avenidatintas.com\/ube\/wp-json\/wp\/v2\/product\/1809","targetHints":{"allow":["GET"]}}],"collection":[{"href":"https:\/\/avenidatintas.com\/ube\/wp-json\/wp\/v2\/product"}],"about":[{"href":"https:\/\/avenidatintas.com\/ube\/wp-json\/wp\/v2\/types\/product"}],"wp:featuredmedia":[{"embeddable":true,"href":"https:\/\/avenidatintas.com\/ube\/wp-json\/wp\/v2\/media\/1114"}],"wp:attachment":[{"href":"https:\/\/avenidatintas.com\/ube\/wp-json\/wp\/v2\/media?parent=1809"}],"wp:term":[{"taxonomy":"product_brand","embeddable":true,"href":"https:\/\/avenidatintas.com\/ube\/wp-json\/wp\/v2\/product_brand?post=1809"},{"taxonomy":"product_cat","embeddable":true,"href":"https:\/\/avenidatintas.com\/ube\/wp-json\/wp\/v2\/product_cat?post=1809"},{"taxonomy":"product_tag","embeddable":true,"href":"https:\/\/avenidatintas.com\/ube\/wp-json\/wp\/v2\/product_tag?post=1809"}],"curies":[{"name":"wp","href":"https:\/\/api.w.org\/{rel}","templated":true}]}}