{"id":1787,"date":"2021-09-27T09:37:50","date_gmt":"2021-09-27T12:37:50","guid":{"rendered":"https:\/\/avenidatintas.com\/?post_type=product&#038;p=1787"},"modified":"2021-09-27T10:42:43","modified_gmt":"2021-09-27T13:42:43","slug":"alklack-n-1259-aluminio","status":"publish","type":"product","link":"https:\/\/avenidatintas.com\/ube\/produto\/alklack-n-1259-aluminio\/","title":{"rendered":"ALKLACK N 1259 ALUMINIO"},"content":{"rendered":"<p>DESCRI\u00c7\u00c3O DO PRODUTO: Tinta de acabamento fen\u00f3lico, bicomponente, com pigmenta\u00e7\u00e3o de alum\u00ednio,<br \/>\noferecendo reflet\u00e2 ncia luminosa e resist\u00eancia ao intemperismo.<\/p>\n","protected":false},"excerpt":{"rendered":"<p>RECOMENDA\u00c7\u00d5ES DE USO: Pintura de externa de tanques e tubula\u00e7\u00f5es, conforme si stema de pintura da<br \/>\nPetrobr\u00e1s.<\/p>\n","protected":false},"featured_media":1114,"template":"","meta":{"_et_pb_use_builder":"","_et_pb_old_content":"","_et_gb_content_width":""},"product_brand":[],"product_cat":[198,21,23,17],"product_tag":[196,251,250,249,153,239,238,145,148,45],"class_list":{"0":"post-1787","1":"product","2":"type-product","3":"status-publish","4":"has-post-thumbnail","6":"product_cat-esmalte-sintetico","7":"product_cat-industriais","8":"product_cat-normas-petrobras","9":"product_cat-tintas-liquidas","10":"product_tag-acabamento","11":"product_tag-aluminio","12":"product_tag-atende-norma-n-1259","13":"product_tag-fenolico","14":"product_tag-monocomponente","15":"product_tag-norma-petrobras","16":"product_tag-normatizada","17":"product_tag-tanques","18":"product_tag-tubulacoes","19":"product_tag-weg","21":"first","22":"instock","23":"shipping-taxable","24":"purchasable","25":"product-type-variable"},"yoast_head":"<!-- This site is optimized with the Yoast SEO plugin v27.3 - https:\/\/yoast.com\/product\/yoast-seo-wordpress\/ -->\n<title>ALKLACK N 1259 ALUMINIO - Avenida Tintas<\/title>\n<meta name=\"description\" content=\"DESCRI\u00c7\u00c3O DO PRODUTO: Tinta de acabamento fen\u00f3lico, bicomponente, com pigmenta\u00e7\u00e3o de alum\u00ednio,oferecendo reflet\u00e2 ncia luminosa e resist\u00eancia ao intemperismo.RECOMENDA\u00c7\u00d5ES DE USO: Pintura de externa de tanques e tubula\u00e7\u00f5es, conforme si stema de pintura daPetrobr\u00e1s.\" \/>\n<meta name=\"robots\" content=\"index, follow, max-snippet:-1, max-image-preview:large, max-video-preview:-1\" \/>\n<link rel=\"canonical\" href=\"https:\/\/avenidatintas.com\/ube\/produto\/alklack-n-1259-aluminio\/\" \/>\n<meta property=\"og:locale\" content=\"pt_BR\" \/>\n<meta property=\"og:type\" content=\"article\" \/>\n<meta property=\"og:title\" content=\"ALKLACK N 1259 ALUMINIO - Avenida Tintas\" \/>\n<meta property=\"og:description\" content=\"DESCRI\u00c7\u00c3O DO PRODUTO: Tinta de acabamento fen\u00f3lico, bicomponente, com pigmenta\u00e7\u00e3o de alum\u00ednio,oferecendo reflet\u00e2 ncia luminosa e resist\u00eancia ao intemperismo.RECOMENDA\u00c7\u00d5ES DE USO: Pintura de externa de tanques e tubula\u00e7\u00f5es, conforme si stema de pintura daPetrobr\u00e1s.\" \/>\n<meta property=\"og:url\" content=\"https:\/\/avenidatintas.com\/ube\/produto\/alklack-n-1259-aluminio\/\" \/>\n<meta property=\"og:site_name\" content=\"Avenida Tintas\" \/>\n<meta property=\"article:publisher\" content=\"https:\/\/www.facebook.com\/Avenida-Distribuidora-de-Tintas-Revenda-autorizada-WEG-100369271992882\" \/>\n<meta property=\"article:modified_time\" content=\"2021-09-27T13:42:43+00:00\" \/>\n<meta property=\"og:image\" content=\"https:\/\/avenidatintas.com\/ube\/wp-content\/uploads\/2021\/06\/W-VIARIA-CVP-605.jpg\" \/>\n\t<meta property=\"og:image:width\" content=\"680\" \/>\n\t<meta property=\"og:image:height\" content=\"680\" \/>\n\t<meta property=\"og:image:type\" content=\"image\/jpeg\" \/>\n<script type=\"application\/ld+json\" class=\"yoast-schema-graph\">{\"@context\":\"https:\\\/\\\/schema.org\",\"@graph\":[{\"@type\":\"WebPage\",\"@id\":\"https:\\\/\\\/avenidatintas.com\\\/ube\\\/produto\\\/alklack-n-1259-aluminio\\\/\",\"url\":\"https:\\\/\\\/avenidatintas.com\\\/ube\\\/produto\\\/alklack-n-1259-aluminio\\\/\",\"name\":\"ALKLACK N 1259 ALUMINIO - Avenida Tintas\",\"isPartOf\":{\"@id\":\"https:\\\/\\\/avenidatintas.com\\\/ube\\\/#website\"},\"primaryImageOfPage\":{\"@id\":\"https:\\\/\\\/avenidatintas.com\\\/ube\\\/produto\\\/alklack-n-1259-aluminio\\\/#primaryimage\"},\"image\":{\"@id\":\"https:\\\/\\\/avenidatintas.com\\\/ube\\\/produto\\\/alklack-n-1259-aluminio\\\/#primaryimage\"},\"thumbnailUrl\":\"https:\\\/\\\/avenidatintas.com\\\/ube\\\/wp-content\\\/uploads\\\/2021\\\/06\\\/W-VIARIA-CVP-605.jpg\",\"datePublished\":\"2021-09-27T12:37:50+00:00\",\"dateModified\":\"2021-09-27T13:42:43+00:00\",\"description\":\"DESCRI\u00c7\u00c3O DO PRODUTO: Tinta de acabamento fen\u00f3lico, bicomponente, com pigmenta\u00e7\u00e3o de alum\u00ednio,oferecendo reflet\u00e2 ncia luminosa e resist\u00eancia ao intemperismo.RECOMENDA\u00c7\u00d5ES DE USO: Pintura de externa de tanques e tubula\u00e7\u00f5es, conforme si stema de pintura daPetrobr\u00e1s.\",\"breadcrumb\":{\"@id\":\"https:\\\/\\\/avenidatintas.com\\\/ube\\\/produto\\\/alklack-n-1259-aluminio\\\/#breadcrumb\"},\"inLanguage\":\"pt-BR\",\"potentialAction\":[{\"@type\":\"ReadAction\",\"target\":[\"https:\\\/\\\/avenidatintas.com\\\/ube\\\/produto\\\/alklack-n-1259-aluminio\\\/\"]}]},{\"@type\":\"ImageObject\",\"inLanguage\":\"pt-BR\",\"@id\":\"https:\\\/\\\/avenidatintas.com\\\/ube\\\/produto\\\/alklack-n-1259-aluminio\\\/#primaryimage\",\"url\":\"https:\\\/\\\/avenidatintas.com\\\/ube\\\/wp-content\\\/uploads\\\/2021\\\/06\\\/W-VIARIA-CVP-605.jpg\",\"contentUrl\":\"https:\\\/\\\/avenidatintas.com\\\/ube\\\/wp-content\\\/uploads\\\/2021\\\/06\\\/W-VIARIA-CVP-605.jpg\",\"width\":680,\"height\":680},{\"@type\":\"BreadcrumbList\",\"@id\":\"https:\\\/\\\/avenidatintas.com\\\/ube\\\/produto\\\/alklack-n-1259-aluminio\\\/#breadcrumb\",\"itemListElement\":[{\"@type\":\"ListItem\",\"position\":1,\"name\":\"In\u00edcio\",\"item\":\"https:\\\/\\\/avenidatintas.com\\\/ube\\\/\"},{\"@type\":\"ListItem\",\"position\":2,\"name\":\"Produtos\",\"item\":\"https:\\\/\\\/avenidatintas.com\\\/ube\\\/loja\\\/\"},{\"@type\":\"ListItem\",\"position\":3,\"name\":\"ALKLACK N 1259 ALUMINIO\"}]},{\"@type\":\"WebSite\",\"@id\":\"https:\\\/\\\/avenidatintas.com\\\/ube\\\/#website\",\"url\":\"https:\\\/\\\/avenidatintas.com\\\/ube\\\/\",\"name\":\"Avenida Tintas\",\"description\":\"Tintas para manuten\u00e7\u00e3o Industrial e Mar\u00edtima WEG; laborat\u00f3rio de prepara\u00e7\u00e3o de tintas\",\"potentialAction\":[{\"@type\":\"SearchAction\",\"target\":{\"@type\":\"EntryPoint\",\"urlTemplate\":\"https:\\\/\\\/avenidatintas.com\\\/ube\\\/?s={search_term_string}\"},\"query-input\":{\"@type\":\"PropertyValueSpecification\",\"valueRequired\":true,\"valueName\":\"search_term_string\"}}],\"inLanguage\":\"pt-BR\"}]}<\/script>\n<!-- \/ Yoast SEO plugin. -->","yoast_head_json":{"title":"ALKLACK N 1259 ALUMINIO - Avenida Tintas","description":"DESCRI\u00c7\u00c3O DO PRODUTO: Tinta de acabamento fen\u00f3lico, bicomponente, com pigmenta\u00e7\u00e3o de alum\u00ednio,oferecendo reflet\u00e2 ncia luminosa e resist\u00eancia ao intemperismo.RECOMENDA\u00c7\u00d5ES DE USO: Pintura de externa de tanques e tubula\u00e7\u00f5es, conforme si stema de pintura daPetrobr\u00e1s.","robots":{"index":"index","follow":"follow","max-snippet":"max-snippet:-1","max-image-preview":"max-image-preview:large","max-video-preview":"max-video-preview:-1"},"canonical":"https:\/\/avenidatintas.com\/ube\/produto\/alklack-n-1259-aluminio\/","og_locale":"pt_BR","og_type":"article","og_title":"ALKLACK N 1259 ALUMINIO - Avenida Tintas","og_description":"DESCRI\u00c7\u00c3O DO PRODUTO: Tinta de acabamento fen\u00f3lico, bicomponente, com pigmenta\u00e7\u00e3o de alum\u00ednio,oferecendo reflet\u00e2 ncia luminosa e resist\u00eancia ao intemperismo.RECOMENDA\u00c7\u00d5ES DE USO: Pintura de externa de tanques e tubula\u00e7\u00f5es, conforme si stema de pintura daPetrobr\u00e1s.","og_url":"https:\/\/avenidatintas.com\/ube\/produto\/alklack-n-1259-aluminio\/","og_site_name":"Avenida Tintas","article_publisher":"https:\/\/www.facebook.com\/Avenida-Distribuidora-de-Tintas-Revenda-autorizada-WEG-100369271992882","article_modified_time":"2021-09-27T13:42:43+00:00","og_image":[{"width":680,"height":680,"url":"https:\/\/avenidatintas.com\/ube\/wp-content\/uploads\/2021\/06\/W-VIARIA-CVP-605.jpg","type":"image\/jpeg"}],"schema":{"@context":"https:\/\/schema.org","@graph":[{"@type":"WebPage","@id":"https:\/\/avenidatintas.com\/ube\/produto\/alklack-n-1259-aluminio\/","url":"https:\/\/avenidatintas.com\/ube\/produto\/alklack-n-1259-aluminio\/","name":"ALKLACK N 1259 ALUMINIO - Avenida Tintas","isPartOf":{"@id":"https:\/\/avenidatintas.com\/ube\/#website"},"primaryImageOfPage":{"@id":"https:\/\/avenidatintas.com\/ube\/produto\/alklack-n-1259-aluminio\/#primaryimage"},"image":{"@id":"https:\/\/avenidatintas.com\/ube\/produto\/alklack-n-1259-aluminio\/#primaryimage"},"thumbnailUrl":"https:\/\/avenidatintas.com\/ube\/wp-content\/uploads\/2021\/06\/W-VIARIA-CVP-605.jpg","datePublished":"2021-09-27T12:37:50+00:00","dateModified":"2021-09-27T13:42:43+00:00","description":"DESCRI\u00c7\u00c3O DO PRODUTO: Tinta de acabamento fen\u00f3lico, bicomponente, com pigmenta\u00e7\u00e3o de alum\u00ednio,oferecendo reflet\u00e2 ncia luminosa e resist\u00eancia ao intemperismo.RECOMENDA\u00c7\u00d5ES DE USO: Pintura de externa de tanques e tubula\u00e7\u00f5es, conforme si stema de pintura daPetrobr\u00e1s.","breadcrumb":{"@id":"https:\/\/avenidatintas.com\/ube\/produto\/alklack-n-1259-aluminio\/#breadcrumb"},"inLanguage":"pt-BR","potentialAction":[{"@type":"ReadAction","target":["https:\/\/avenidatintas.com\/ube\/produto\/alklack-n-1259-aluminio\/"]}]},{"@type":"ImageObject","inLanguage":"pt-BR","@id":"https:\/\/avenidatintas.com\/ube\/produto\/alklack-n-1259-aluminio\/#primaryimage","url":"https:\/\/avenidatintas.com\/ube\/wp-content\/uploads\/2021\/06\/W-VIARIA-CVP-605.jpg","contentUrl":"https:\/\/avenidatintas.com\/ube\/wp-content\/uploads\/2021\/06\/W-VIARIA-CVP-605.jpg","width":680,"height":680},{"@type":"BreadcrumbList","@id":"https:\/\/avenidatintas.com\/ube\/produto\/alklack-n-1259-aluminio\/#breadcrumb","itemListElement":[{"@type":"ListItem","position":1,"name":"In\u00edcio","item":"https:\/\/avenidatintas.com\/ube\/"},{"@type":"ListItem","position":2,"name":"Produtos","item":"https:\/\/avenidatintas.com\/ube\/loja\/"},{"@type":"ListItem","position":3,"name":"ALKLACK N 1259 ALUMINIO"}]},{"@type":"WebSite","@id":"https:\/\/avenidatintas.com\/ube\/#website","url":"https:\/\/avenidatintas.com\/ube\/","name":"Avenida Tintas","description":"Tintas para manuten\u00e7\u00e3o Industrial e Mar\u00edtima WEG; laborat\u00f3rio de prepara\u00e7\u00e3o de tintas","potentialAction":[{"@type":"SearchAction","target":{"@type":"EntryPoint","urlTemplate":"https:\/\/avenidatintas.com\/ube\/?s={search_term_string}"},"query-input":{"@type":"PropertyValueSpecification","valueRequired":true,"valueName":"search_term_string"}}],"inLanguage":"pt-BR"}]}},"_links":{"self":[{"href":"https:\/\/avenidatintas.com\/ube\/wp-json\/wp\/v2\/product\/1787","targetHints":{"allow":["GET"]}}],"collection":[{"href":"https:\/\/avenidatintas.com\/ube\/wp-json\/wp\/v2\/product"}],"about":[{"href":"https:\/\/avenidatintas.com\/ube\/wp-json\/wp\/v2\/types\/product"}],"wp:featuredmedia":[{"embeddable":true,"href":"https:\/\/avenidatintas.com\/ube\/wp-json\/wp\/v2\/media\/1114"}],"wp:attachment":[{"href":"https:\/\/avenidatintas.com\/ube\/wp-json\/wp\/v2\/media?parent=1787"}],"wp:term":[{"taxonomy":"product_brand","embeddable":true,"href":"https:\/\/avenidatintas.com\/ube\/wp-json\/wp\/v2\/product_brand?post=1787"},{"taxonomy":"product_cat","embeddable":true,"href":"https:\/\/avenidatintas.com\/ube\/wp-json\/wp\/v2\/product_cat?post=1787"},{"taxonomy":"product_tag","embeddable":true,"href":"https:\/\/avenidatintas.com\/ube\/wp-json\/wp\/v2\/product_tag?post=1787"}],"curies":[{"name":"wp","href":"https:\/\/api.w.org\/{rel}","templated":true}]}}