{"id":1036,"date":"2021-06-22T09:28:32","date_gmt":"2021-06-22T12:28:32","guid":{"rendered":"https:\/\/avenidatintas.com\/?post_type=product&#038;p=1036"},"modified":"2022-06-15T08:40:34","modified_gmt":"2022-06-15T11:40:34","slug":"w-thane-kit-piscina","status":"publish","type":"product","link":"https:\/\/avenidatintas.com\/ube\/produto\/w-thane-kit-piscina\/","title":{"rendered":"W-THANE Kit Piscina"},"content":{"rendered":"<p><strong>Conte\u00fado da Caixa (4,5L):<\/strong><\/p>\n<p>&#8211; 01 Gal\u00e3o 3L de W-Thane PU Piscina;<\/p>\n<p>&#8211; 01 Lata de Catalisador 600 ml;<\/p>\n<p>&#8211; 01 Lata de Diluente 900 ml.<\/p>\n<p>Secagem: 25\u00baC Toque: 30 minutos.<br \/>\nManuseio: 8 horas. <\/p>\n<p>Final: 168 horas. <\/p>\n<p>Secagem Repintura: 25\u00baC Min 12 horas.<\/p>\n<p>Max 48 horas .<\/p>\n<p>Rela\u00e7\u00e3o de mistura (Volume) 5 A x 1 B.<\/p>\n<p>Tratamento de superf\u00edcie em Azulejo Piscinas de azulejo: Aplicar o primer W-POXI VERNIZ HSS 301 INCOLOR, respeitando o intervalo de repintura recomendado no boletim t\u00e9cnico do material, para posteriormente aplicar o acabamento. <\/p>\n<p>Tratamento de Superf\u00edcies em Fibra Piscinas de fibra: Lixar toda a superf\u00edcie empregando lixa 280 ou 320. Remover todo o p\u00f3 com \u00e1gua em abund\u00e2ncia, drenar o ac\u00famulo e aguardar a secagem completa da superf\u00edcie. Aplicar a tinta seguindo as recomenda\u00e7\u00f5es apresentadas neste boletim t\u00e9cnico. <\/p>\n<p>Tratamento de Superf\u00edcies em concreto Piscinas cimentadas: Aguardar cura completa do concreto por um per\u00edodo m\u00ednimo de 30 dias. Ap\u00f3s a cura completa encher com \u00e1gua a capacidade total da piscina e deixar com \u00e1gua por 15 dias, esgot\u00e1-la completamente deixando secar completamente. Em caso de chuvas intensas, retirar a \u00e1gua acumulada e aguardar secar. Aplicar o primer W-POXI VERNIZ HSS 301 INCOLOR, respeitando o intervalo de repintura recomendado no boletim t\u00e9cnico do material, para posteriormente aplicar o acabamento.<\/p>\n<p>V\u00eddeo sobre o produto: <a href=\"https:\/\/www.youtube.com\/watch?v=qHLT0bNnh4Q\" rel=\"noopener\" target=\"_blank\">https:\/\/www.youtube.com\/watch?v=qHLT0bNnh4Q<\/a><\/p>\n","protected":false},"excerpt":{"rendered":"<p>W-THANE PU PISCINA<br \/>\nIndicado para a pintura de piscinas de concreto, azulejo ou fibra, o W-Thane Kit Piscina \u00e9 um esmalte poliuretano de alto brilho que oferece a alta performance e a qualidade WEG que voc\u00ea j\u00e1 conhece. \u00c9 uma tinta dur\u00e1vel e imperme\u00e1vel.<\/p>\n","protected":false},"featured_media":1037,"template":"","meta":{"_et_pb_use_builder":"","_et_pb_old_content":"","_et_gb_content_width":""},"product_brand":[],"product_cat":[21,199,17],"product_tag":[136,137,138],"class_list":{"0":"post-1036","1":"product","2":"type-product","3":"status-publish","4":"has-post-thumbnail","6":"product_cat-industriais","7":"product_cat-poliuretano-pu","8":"product_cat-tintas-liquidas","9":"product_tag-kit","10":"product_tag-piscina","11":"product_tag-tinta-epoxi","13":"first","14":"instock","15":"featured","16":"shipping-taxable","17":"purchasable","18":"product-type-variable"},"yoast_head":"<!-- This site is optimized with the Yoast SEO plugin v27.3 - https:\/\/yoast.com\/product\/yoast-seo-wordpress\/ -->\n<title>W-THANE Kit Piscina - Avenida Tintas<\/title>\n<meta name=\"robots\" content=\"index, follow, max-snippet:-1, max-image-preview:large, max-video-preview:-1\" \/>\n<link rel=\"canonical\" href=\"https:\/\/avenidatintas.com\/ube\/produto\/w-thane-kit-piscina\/\" \/>\n<meta property=\"og:locale\" content=\"pt_BR\" \/>\n<meta property=\"og:type\" content=\"article\" \/>\n<meta property=\"og:title\" content=\"W-THANE Kit Piscina - Avenida Tintas\" \/>\n<meta property=\"og:description\" content=\"W-THANE PU PISCINA Indicado para a pintura de piscinas de concreto, azulejo ou fibra, o W-Thane Kit Piscina \u00e9 um esmalte poliuretano de alto brilho que oferece a alta performance e a qualidade WEG que voc\u00ea j\u00e1 conhece. \u00c9 uma tinta dur\u00e1vel e imperme\u00e1vel.\" \/>\n<meta property=\"og:url\" content=\"https:\/\/avenidatintas.com\/ube\/produto\/w-thane-kit-piscina\/\" \/>\n<meta property=\"og:site_name\" content=\"Avenida Tintas\" \/>\n<meta property=\"article:publisher\" content=\"https:\/\/www.facebook.com\/Avenida-Distribuidora-de-Tintas-Revenda-autorizada-WEG-100369271992882\" \/>\n<meta property=\"article:modified_time\" content=\"2022-06-15T11:40:34+00:00\" \/>\n<meta property=\"og:image\" content=\"https:\/\/avenidatintas.com\/ube\/wp-content\/uploads\/2021\/06\/weg-w-thane-kit-piscina.jpg\" \/>\n\t<meta property=\"og:image:width\" content=\"600\" \/>\n\t<meta property=\"og:image:height\" content=\"600\" \/>\n\t<meta property=\"og:image:type\" content=\"image\/jpeg\" \/>\n<meta name=\"twitter:label1\" content=\"Est. tempo de leitura\" \/>\n\t<meta name=\"twitter:data1\" content=\"1 minuto\" \/>\n<script type=\"application\/ld+json\" class=\"yoast-schema-graph\">{\"@context\":\"https:\\\/\\\/schema.org\",\"@graph\":[{\"@type\":\"WebPage\",\"@id\":\"https:\\\/\\\/avenidatintas.com\\\/ube\\\/produto\\\/w-thane-kit-piscina\\\/\",\"url\":\"https:\\\/\\\/avenidatintas.com\\\/ube\\\/produto\\\/w-thane-kit-piscina\\\/\",\"name\":\"W-THANE Kit Piscina - Avenida Tintas\",\"isPartOf\":{\"@id\":\"https:\\\/\\\/avenidatintas.com\\\/ube\\\/#website\"},\"primaryImageOfPage\":{\"@id\":\"https:\\\/\\\/avenidatintas.com\\\/ube\\\/produto\\\/w-thane-kit-piscina\\\/#primaryimage\"},\"image\":{\"@id\":\"https:\\\/\\\/avenidatintas.com\\\/ube\\\/produto\\\/w-thane-kit-piscina\\\/#primaryimage\"},\"thumbnailUrl\":\"https:\\\/\\\/avenidatintas.com\\\/ube\\\/wp-content\\\/uploads\\\/2021\\\/06\\\/weg-w-thane-kit-piscina.jpg\",\"datePublished\":\"2021-06-22T12:28:32+00:00\",\"dateModified\":\"2022-06-15T11:40:34+00:00\",\"breadcrumb\":{\"@id\":\"https:\\\/\\\/avenidatintas.com\\\/ube\\\/produto\\\/w-thane-kit-piscina\\\/#breadcrumb\"},\"inLanguage\":\"pt-BR\",\"potentialAction\":[{\"@type\":\"ReadAction\",\"target\":[\"https:\\\/\\\/avenidatintas.com\\\/ube\\\/produto\\\/w-thane-kit-piscina\\\/\"]}]},{\"@type\":\"ImageObject\",\"inLanguage\":\"pt-BR\",\"@id\":\"https:\\\/\\\/avenidatintas.com\\\/ube\\\/produto\\\/w-thane-kit-piscina\\\/#primaryimage\",\"url\":\"https:\\\/\\\/avenidatintas.com\\\/ube\\\/wp-content\\\/uploads\\\/2021\\\/06\\\/weg-w-thane-kit-piscina.jpg\",\"contentUrl\":\"https:\\\/\\\/avenidatintas.com\\\/ube\\\/wp-content\\\/uploads\\\/2021\\\/06\\\/weg-w-thane-kit-piscina.jpg\",\"width\":600,\"height\":600},{\"@type\":\"BreadcrumbList\",\"@id\":\"https:\\\/\\\/avenidatintas.com\\\/ube\\\/produto\\\/w-thane-kit-piscina\\\/#breadcrumb\",\"itemListElement\":[{\"@type\":\"ListItem\",\"position\":1,\"name\":\"In\u00edcio\",\"item\":\"https:\\\/\\\/avenidatintas.com\\\/ube\\\/\"},{\"@type\":\"ListItem\",\"position\":2,\"name\":\"Produtos\",\"item\":\"https:\\\/\\\/avenidatintas.com\\\/ube\\\/loja\\\/\"},{\"@type\":\"ListItem\",\"position\":3,\"name\":\"W-THANE Kit Piscina\"}]},{\"@type\":\"WebSite\",\"@id\":\"https:\\\/\\\/avenidatintas.com\\\/ube\\\/#website\",\"url\":\"https:\\\/\\\/avenidatintas.com\\\/ube\\\/\",\"name\":\"Avenida Tintas\",\"description\":\"Tintas para manuten\u00e7\u00e3o Industrial e Mar\u00edtima WEG; laborat\u00f3rio de prepara\u00e7\u00e3o de tintas\",\"potentialAction\":[{\"@type\":\"SearchAction\",\"target\":{\"@type\":\"EntryPoint\",\"urlTemplate\":\"https:\\\/\\\/avenidatintas.com\\\/ube\\\/?s={search_term_string}\"},\"query-input\":{\"@type\":\"PropertyValueSpecification\",\"valueRequired\":true,\"valueName\":\"search_term_string\"}}],\"inLanguage\":\"pt-BR\"}]}<\/script>\n<!-- \/ Yoast SEO plugin. -->","yoast_head_json":{"title":"W-THANE Kit Piscina - Avenida Tintas","robots":{"index":"index","follow":"follow","max-snippet":"max-snippet:-1","max-image-preview":"max-image-preview:large","max-video-preview":"max-video-preview:-1"},"canonical":"https:\/\/avenidatintas.com\/ube\/produto\/w-thane-kit-piscina\/","og_locale":"pt_BR","og_type":"article","og_title":"W-THANE Kit Piscina - Avenida Tintas","og_description":"W-THANE PU PISCINA Indicado para a pintura de piscinas de concreto, azulejo ou fibra, o W-Thane Kit Piscina \u00e9 um esmalte poliuretano de alto brilho que oferece a alta performance e a qualidade WEG que voc\u00ea j\u00e1 conhece. \u00c9 uma tinta dur\u00e1vel e imperme\u00e1vel.","og_url":"https:\/\/avenidatintas.com\/ube\/produto\/w-thane-kit-piscina\/","og_site_name":"Avenida Tintas","article_publisher":"https:\/\/www.facebook.com\/Avenida-Distribuidora-de-Tintas-Revenda-autorizada-WEG-100369271992882","article_modified_time":"2022-06-15T11:40:34+00:00","og_image":[{"width":600,"height":600,"url":"https:\/\/avenidatintas.com\/ube\/wp-content\/uploads\/2021\/06\/weg-w-thane-kit-piscina.jpg","type":"image\/jpeg"}],"twitter_misc":{"Est. tempo de leitura":"1 minuto"},"schema":{"@context":"https:\/\/schema.org","@graph":[{"@type":"WebPage","@id":"https:\/\/avenidatintas.com\/ube\/produto\/w-thane-kit-piscina\/","url":"https:\/\/avenidatintas.com\/ube\/produto\/w-thane-kit-piscina\/","name":"W-THANE Kit Piscina - Avenida Tintas","isPartOf":{"@id":"https:\/\/avenidatintas.com\/ube\/#website"},"primaryImageOfPage":{"@id":"https:\/\/avenidatintas.com\/ube\/produto\/w-thane-kit-piscina\/#primaryimage"},"image":{"@id":"https:\/\/avenidatintas.com\/ube\/produto\/w-thane-kit-piscina\/#primaryimage"},"thumbnailUrl":"https:\/\/avenidatintas.com\/ube\/wp-content\/uploads\/2021\/06\/weg-w-thane-kit-piscina.jpg","datePublished":"2021-06-22T12:28:32+00:00","dateModified":"2022-06-15T11:40:34+00:00","breadcrumb":{"@id":"https:\/\/avenidatintas.com\/ube\/produto\/w-thane-kit-piscina\/#breadcrumb"},"inLanguage":"pt-BR","potentialAction":[{"@type":"ReadAction","target":["https:\/\/avenidatintas.com\/ube\/produto\/w-thane-kit-piscina\/"]}]},{"@type":"ImageObject","inLanguage":"pt-BR","@id":"https:\/\/avenidatintas.com\/ube\/produto\/w-thane-kit-piscina\/#primaryimage","url":"https:\/\/avenidatintas.com\/ube\/wp-content\/uploads\/2021\/06\/weg-w-thane-kit-piscina.jpg","contentUrl":"https:\/\/avenidatintas.com\/ube\/wp-content\/uploads\/2021\/06\/weg-w-thane-kit-piscina.jpg","width":600,"height":600},{"@type":"BreadcrumbList","@id":"https:\/\/avenidatintas.com\/ube\/produto\/w-thane-kit-piscina\/#breadcrumb","itemListElement":[{"@type":"ListItem","position":1,"name":"In\u00edcio","item":"https:\/\/avenidatintas.com\/ube\/"},{"@type":"ListItem","position":2,"name":"Produtos","item":"https:\/\/avenidatintas.com\/ube\/loja\/"},{"@type":"ListItem","position":3,"name":"W-THANE Kit Piscina"}]},{"@type":"WebSite","@id":"https:\/\/avenidatintas.com\/ube\/#website","url":"https:\/\/avenidatintas.com\/ube\/","name":"Avenida Tintas","description":"Tintas para manuten\u00e7\u00e3o Industrial e Mar\u00edtima WEG; laborat\u00f3rio de prepara\u00e7\u00e3o de tintas","potentialAction":[{"@type":"SearchAction","target":{"@type":"EntryPoint","urlTemplate":"https:\/\/avenidatintas.com\/ube\/?s={search_term_string}"},"query-input":{"@type":"PropertyValueSpecification","valueRequired":true,"valueName":"search_term_string"}}],"inLanguage":"pt-BR"}]}},"_links":{"self":[{"href":"https:\/\/avenidatintas.com\/ube\/wp-json\/wp\/v2\/product\/1036","targetHints":{"allow":["GET"]}}],"collection":[{"href":"https:\/\/avenidatintas.com\/ube\/wp-json\/wp\/v2\/product"}],"about":[{"href":"https:\/\/avenidatintas.com\/ube\/wp-json\/wp\/v2\/types\/product"}],"wp:featuredmedia":[{"embeddable":true,"href":"https:\/\/avenidatintas.com\/ube\/wp-json\/wp\/v2\/media\/1037"}],"wp:attachment":[{"href":"https:\/\/avenidatintas.com\/ube\/wp-json\/wp\/v2\/media?parent=1036"}],"wp:term":[{"taxonomy":"product_brand","embeddable":true,"href":"https:\/\/avenidatintas.com\/ube\/wp-json\/wp\/v2\/product_brand?post=1036"},{"taxonomy":"product_cat","embeddable":true,"href":"https:\/\/avenidatintas.com\/ube\/wp-json\/wp\/v2\/product_cat?post=1036"},{"taxonomy":"product_tag","embeddable":true,"href":"https:\/\/avenidatintas.com\/ube\/wp-json\/wp\/v2\/product_tag?post=1036"}],"curies":[{"name":"wp","href":"https:\/\/api.w.org\/{rel}","templated":true}]}}