{"id":54,"date":"2017-07-08T13:01:36","date_gmt":"2017-07-08T13:01:36","guid":{"rendered":"https:\/\/avenidatintas.com\/?page_id=54"},"modified":"2021-06-21T16:53:50","modified_gmt":"2021-06-21T19:53:50","slug":"pintura-eletrostatica","status":"publish","type":"page","link":"https:\/\/avenidatintas.com\/ube\/pintura-eletrostatica\/","title":{"rendered":"Pintura Eletrost\u00e1tica"},"content":{"rendered":"<p>[et_pb_section bb_built=&#8221;1&#8243; inner_width=&#8221;auto&#8221; inner_max_width=&#8221;1080px&#8221;][et_pb_row][et_pb_column type=&#8221;4_4&#8243; custom_padding__hover=&#8221;|||&#8221; custom_padding=&#8221;|||&#8221;][et_pb_text admin_label=&#8221;Pintura Eletrost\u00e1tica&#8221; _builder_version=&#8221;3.0.62&#8243; background_layout=&#8221;light&#8221; text_orientation=&#8221;left&#8221; border_style=&#8221;solid&#8221;]<\/p>\n<h2><strong>Pintura Eletrost\u00e1tica<\/strong><\/h2>\n<p>[\/et_pb_text][et_pb_text admin_label=&#8221;Tintas em p\u00f3 WEG&#8221; _builder_version=&#8221;3.0.62&#8243; background_layout=&#8221;light&#8221; text_orientation=&#8221;left&#8221; border_style=&#8221;solid&#8221;]<\/p>\n<h3><strong>Tintas em p\u00f3 WEG<\/strong><\/h3>\n<p style=\"text-align: justify;\">A WEG oferece uma diversificada gama de tintas em p\u00f3 com tecnologia de ponta e adequadas \u00e0s exig\u00eancias e necessidades de cada cliente. Al\u00e9m dos sistemas convencionais, a WEG desenvolve produtos especiais como o primer rico em zinco, tintas isentas de metais pesados, tintas de baixa cura, alta camada, entre outras.<\/p>\n<p>[\/et_pb_text][\/et_pb_column][\/et_pb_row][et_pb_row][et_pb_column type=&#8221;1_4&#8243; custom_padding__hover=&#8221;|||&#8221; custom_padding=&#8221;|||&#8221;][et_pb_blurb admin_label=&#8221;H\u00edbrido&#8221; _builder_version=&#8221;3.0.62&#8243; title=&#8221;H\u00edbrido&#8221; url_new_window=&#8221;off&#8221; use_icon=&#8221;off&#8221; use_circle=&#8221;off&#8221; use_circle_border=&#8221;off&#8221; icon_placement=&#8221;top&#8221; use_icon_font_size=&#8221;off&#8221; background_layout=&#8221;light&#8221; header_font=&#8221;|on|||&#8221; border_style=&#8221;solid&#8221; animation=&#8221;off&#8221; header_font_size=&#8221;20&#8243; text_orientation=&#8221;center&#8221; image=&#8221;https:\/\/avenidatintas.com\/ube\/wp-content\/uploads\/2017\/07\/po-hibrido.jpg&#8221; url=&#8221;https:\/\/avenidatintas.com\/ube\/pintura-eletrostatica\/weg-hibrido\/&#8221; image_max_width=&#8221;none&#8221;]<\/p>\n<p style=\"text-align: justify;\">Combina\u00e7\u00e3o de resinas ep\u00f3xi e poli\u00e9ster de excelente ader\u00eancia, flexibilidade, alta resist\u00eancia f\u00edsica e boa resist\u00eancia qu\u00edmica. Geralmente indicado para superf\u00edcies expostas a ambientes abrigados.<\/p>\n<p>[\/et_pb_blurb][\/et_pb_column][et_pb_column type=&#8221;1_4&#8243; custom_padding__hover=&#8221;|||&#8221; custom_padding=&#8221;|||&#8221;][et_pb_blurb admin_label=&#8221;Ep\u00f3xi&#8221; _builder_version=&#8221;3.0.62&#8243; title=&#8221;Ep\u00f3xi&#8221; url_new_window=&#8221;off&#8221; use_icon=&#8221;off&#8221; use_circle=&#8221;off&#8221; use_circle_border=&#8221;off&#8221; icon_placement=&#8221;top&#8221; use_icon_font_size=&#8221;off&#8221; background_layout=&#8221;light&#8221; header_font=&#8221;|on|||&#8221; border_style=&#8221;solid&#8221; animation=&#8221;off&#8221; header_font_size=&#8221;20&#8243; text_orientation=&#8221;center&#8221; image=&#8221;https:\/\/avenidatintas.com\/ube\/wp-content\/uploads\/2017\/07\/po-epoxi.jpg&#8221; url=&#8221;https:\/\/avenidatintas.com\/ube\/pintura-eletrostatica\/weg-epoxi\/&#8221; image_max_width=&#8221;none&#8221;]<\/p>\n<p style=\"text-align: justify;\">\u00c0 base de resinas ep\u00f3xi, oferece excelente ader\u00eancia, flexibilidade e resist\u00eancia f\u00edsica. O grande diferencial destes produtos \u00e9 a alta resist\u00eancia qu\u00edmica e excelente prote\u00e7\u00e3o anticorrosiva.<\/p>\n<p>[\/et_pb_blurb][\/et_pb_column][et_pb_column type=&#8221;1_4&#8243; custom_padding__hover=&#8221;|||&#8221; custom_padding=&#8221;|||&#8221;][et_pb_blurb admin_label=&#8221;Poli\u00e9ster&#8221; _builder_version=&#8221;3.0.62&#8243; title=&#8221;Poli\u00e9ster&#8221; url_new_window=&#8221;off&#8221; use_icon=&#8221;off&#8221; use_circle=&#8221;off&#8221; use_circle_border=&#8221;off&#8221; icon_placement=&#8221;top&#8221; use_icon_font_size=&#8221;off&#8221; background_layout=&#8221;light&#8221; header_font=&#8221;|on|||&#8221; border_style=&#8221;solid&#8221; animation=&#8221;off&#8221; header_font_size=&#8221;20&#8243; text_orientation=&#8221;center&#8221; image=&#8221;https:\/\/avenidatintas.com\/ube\/wp-content\/uploads\/2017\/07\/po-poliester.jpg&#8221; url=&#8221;https:\/\/avenidatintas.com\/ube\/pintura-eletrostatica\/weg-poliester\/&#8221; image_max_width=&#8221;none&#8221;]<\/p>\n<p style=\"text-align: justify;\">Boa ader\u00eancia, flexibilidade e boa resist\u00eancia f\u00edsica e qu\u00edmica. O diferencial \u00e9 a \u00f3tima resist\u00eancia ao intemperismo e ao amarelamento. Indicado para superf\u00edcies que ficar\u00e3o expostas a intemp\u00e9ries.<\/p>\n<p>[\/et_pb_blurb][\/et_pb_column][et_pb_column type=&#8221;1_4&#8243; custom_padding__hover=&#8221;|||&#8221; custom_padding=&#8221;|||&#8221;][et_pb_blurb admin_label=&#8221;Poliuretano&#8221; _builder_version=&#8221;3.0.62&#8243; title=&#8221;Poliuretano&#8221; url_new_window=&#8221;off&#8221; use_icon=&#8221;off&#8221; use_circle=&#8221;off&#8221; use_circle_border=&#8221;off&#8221; icon_placement=&#8221;top&#8221; use_icon_font_size=&#8221;off&#8221; background_layout=&#8221;light&#8221; header_font=&#8221;|on|||&#8221; border_style=&#8221;solid&#8221; animation=&#8221;off&#8221; header_font_size=&#8221;20&#8243; text_orientation=&#8221;center&#8221; image=&#8221;https:\/\/avenidatintas.com\/ube\/wp-content\/uploads\/2017\/07\/po-poliuretano-2.jpg&#8221; url=&#8221;https:\/\/avenidatintas.com\/ube\/pintura-eletrostatica\/weg-poliuretano\/&#8221; image_max_width=&#8221;none&#8221;]<\/p>\n<p style=\"text-align: justify;\">Excelente ader\u00eancia, flexibilidade, alta resist\u00eancia f\u00edsica, boa resist\u00eancia qu\u00edmica, alto alastramento e resist\u00eancia ao intemperismo muito maior que os produtos convencionais.<\/p>\n<p>[\/et_pb_blurb][\/et_pb_column][\/et_pb_row][et_pb_row][et_pb_column type=&#8221;1_4&#8243; custom_padding__hover=&#8221;|||&#8221; custom_padding=&#8221;|||&#8221;][et_pb_blurb admin_label=&#8221;NobaC (Antimicrobiano)&#8221; _builder_version=&#8221;3.0.62&#8243; title=&#8221;NobaC (Antimicrobiano)&#8221; url_new_window=&#8221;off&#8221; use_icon=&#8221;off&#8221; use_circle=&#8221;off&#8221; use_circle_border=&#8221;off&#8221; icon_placement=&#8221;top&#8221; use_icon_font_size=&#8221;off&#8221; background_layout=&#8221;light&#8221; header_font=&#8221;|on|||&#8221; border_style=&#8221;solid&#8221; animation=&#8221;off&#8221; header_font_size=&#8221;20&#8243; text_orientation=&#8221;center&#8221; image=&#8221;https:\/\/avenidatintas.com\/ube\/wp-content\/uploads\/2017\/07\/po-nobac.jpg&#8221; url=&#8221;https:\/\/avenidatintas.com\/ube\/pintura-eletrostatica\/weg-nobac\/&#8221; image_max_width=&#8221;none&#8221;]<\/p>\n<p style=\"text-align: justify;\">Possuem propriedades antimicrobianas, fornecendo solu\u00e7\u00f5es confi\u00e1veis e de \u00faltima gera\u00e7\u00e3o para os casos onde higiene e sa\u00fade s\u00e3o fundamentais. Podem ser h\u00edbridas, ep\u00f3xi ou poli\u00e9ster.<\/p>\n<p>[\/et_pb_blurb][\/et_pb_column][et_pb_column type=&#8221;1_4&#8243; custom_padding__hover=&#8221;|||&#8221; custom_padding=&#8221;|||&#8221;][et_pb_blurb admin_label=&#8221;W-Eco (Livre de Metais Pesados)&#8221; _builder_version=&#8221;3.0.62&#8243; title=&#8221;W-Eco (Livre de Metais Pesados)&#8221; url_new_window=&#8221;off&#8221; use_icon=&#8221;off&#8221; use_circle=&#8221;off&#8221; use_circle_border=&#8221;off&#8221; icon_placement=&#8221;top&#8221; use_icon_font_size=&#8221;off&#8221; background_layout=&#8221;light&#8221; header_font=&#8221;|on|||&#8221; border_style=&#8221;solid&#8221; animation=&#8221;off&#8221; header_font_size=&#8221;20&#8243; text_orientation=&#8221;center&#8221; image=&#8221;https:\/\/avenidatintas.com\/ube\/wp-content\/uploads\/2017\/07\/po-weco.jpg&#8221; url=&#8221;https:\/\/avenidatintas.com\/ube\/pintura-eletrostatica\/weg-weco\/&#8221; image_max_width=&#8221;none&#8221;]<\/p>\n<p style=\"text-align: justify;\">Indicado para condi\u00e7\u00f5es onde o mercado exige tintas isenta de metais pesados. A linha W-Eco R atende a diretiva europ\u00e9ia RoHs enquanto que linha W-Eco, a NBR NM 300-3:2004 no quesito isen\u00e7\u00e3o de metais pesados.<\/p>\n<p>[\/et_pb_blurb][\/et_pb_column][et_pb_column type=&#8221;1_4&#8243; custom_padding__hover=&#8221;|||&#8221; custom_padding=&#8221;|||&#8221;][et_pb_blurb admin_label=&#8221;W-Zn (Rico em zinco)&#8221; _builder_version=&#8221;3.0.62&#8243; title=&#8221;W-Zn (Rico em zinco)&#8221; url_new_window=&#8221;off&#8221; use_icon=&#8221;off&#8221; use_circle=&#8221;off&#8221; use_circle_border=&#8221;off&#8221; icon_placement=&#8221;top&#8221; use_icon_font_size=&#8221;off&#8221; background_layout=&#8221;light&#8221; header_font=&#8221;|on|||&#8221; border_style=&#8221;solid&#8221; animation=&#8221;off&#8221; header_font_size=&#8221;20&#8243; text_orientation=&#8221;center&#8221; image=&#8221;https:\/\/avenidatintas.com\/ube\/wp-content\/uploads\/2017\/07\/wzn.jpg&#8221; url=&#8221;https:\/\/avenidatintas.com\/ube\/pintura-eletrostatica\/weg-wzn&#8221; image_max_width=&#8221;none&#8221;]<\/p>\n<p style=\"text-align: justify;\">Produto com alta resist\u00eancia \u00e0 corros\u00e3o em ambientes agressivos podendo substituir a fosfatiza\u00e7\u00e3o e\/ou galvaniza\u00e7\u00e3o em certas aplica\u00e7\u00f5es. Deve ser usado como base para posterior aplica\u00e7\u00e3o do acabamento.<\/p>\n<p>[\/et_pb_blurb][\/et_pb_column][et_pb_column type=&#8221;1_4&#8243; custom_padding__hover=&#8221;|||&#8221; custom_padding=&#8221;|||&#8221;][et_pb_blurb admin_label=&#8221;WF (Poli\u00e9ster)&#8221; _builder_version=&#8221;3.0.62&#8243; title=&#8221;WF (Poli\u00e9ster)&#8221; url_new_window=&#8221;off&#8221; use_icon=&#8221;off&#8221; use_circle=&#8221;off&#8221; use_circle_border=&#8221;off&#8221; icon_placement=&#8221;top&#8221; use_icon_font_size=&#8221;off&#8221; background_layout=&#8221;light&#8221; header_font=&#8221;|on|||&#8221; border_style=&#8221;solid&#8221; animation=&#8221;off&#8221; header_font_size=&#8221;20&#8243; text_orientation=&#8221;center&#8221; image=&#8221;https:\/\/avenidatintas.com\/ube\/wp-content\/uploads\/2017\/07\/po-wf-1.jpg&#8221; url=&#8221;https:\/\/avenidatintas.com\/ube\/pintura-eletrostatica\/weg-wf\/&#8221; image_max_width=&#8221;none&#8221;]<\/p>\n<p style=\"text-align: justify;\">S\u00e9rie de tintas em p\u00f3 \u00e0 base de resina poli\u00e9ster de alto desempenho. Os pigmentos utilizados s\u00e3o de \u00faltima gera\u00e7\u00e3o e possuem alta reten\u00e7\u00e3o de cor e brilho. Atende normas como ASTM e QUALICOAT.<\/p>\n<p>[\/et_pb_blurb][\/et_pb_column][\/et_pb_row][\/et_pb_section]<\/p>\n","protected":false},"excerpt":{"rendered":"<p><div class=\"et_pb_row et_pb_row_0 et_pb_row_empty\">\n\t\t\t\t\n\t\t\t\t\n\t\t\t\t\n\t\t\t\t\n\t\t\t\t\n\t\t\t<\/div> Pintura Eletrost\u00e1tica Tintas em p\u00f3 WEG A WEG oferece uma diversificada gama de tintas em p\u00f3 com tecnologia de ponta e adequadas \u00e0s exig\u00eancias e necessidades de cada cliente. Al\u00e9m dos sistemas convencionais, a WEG desenvolve produtos especiais como o primer rico em zinco, tintas isentas de metais pesados, tintas de baixa cura, alta [&hellip;]<\/p>\n","protected":false},"author":1,"featured_media":0,"parent":0,"menu_order":0,"comment_status":"closed","ping_status":"closed","template":"","meta":{"_et_pb_use_builder":"on","_et_pb_old_content":"","_et_gb_content_width":"","footnotes":""},"class_list":["post-54","page","type-page","status-publish","hentry"],"yoast_head":"<!-- This site is optimized with the Yoast SEO plugin v27.3 - https:\/\/yoast.com\/product\/yoast-seo-wordpress\/ -->\n<title>Pintura Eletrost\u00e1tica - Avenida Tintas<\/title>\n<meta name=\"robots\" content=\"index, follow, max-snippet:-1, max-image-preview:large, max-video-preview:-1\" \/>\n<link rel=\"canonical\" href=\"https:\/\/avenidatintas.com\/ube\/pintura-eletrostatica\/\" \/>\n<meta property=\"og:locale\" content=\"pt_BR\" \/>\n<meta property=\"og:type\" content=\"article\" \/>\n<meta property=\"og:title\" content=\"Pintura Eletrost\u00e1tica - Avenida Tintas\" \/>\n<meta property=\"og:description\" content=\"Pintura Eletrost\u00e1tica Tintas em p\u00f3 WEG A WEG oferece uma diversificada gama de tintas em p\u00f3 com tecnologia de ponta e adequadas \u00e0s exig\u00eancias e necessidades de cada cliente. Al\u00e9m dos sistemas convencionais, a WEG desenvolve produtos especiais como o primer rico em zinco, tintas isentas de metais pesados, tintas de baixa cura, alta [&hellip;]\" \/>\n<meta property=\"og:url\" content=\"https:\/\/avenidatintas.com\/ube\/pintura-eletrostatica\/\" \/>\n<meta property=\"og:site_name\" content=\"Avenida Tintas\" \/>\n<meta property=\"article:publisher\" content=\"https:\/\/www.facebook.com\/Avenida-Distribuidora-de-Tintas-Revenda-autorizada-WEG-100369271992882\" \/>\n<meta property=\"article:modified_time\" content=\"2021-06-21T19:53:50+00:00\" \/>\n<meta name=\"twitter:label1\" content=\"Est. tempo de leitura\" \/>\n\t<meta name=\"twitter:data1\" content=\"6 minutos\" \/>\n<script type=\"application\/ld+json\" class=\"yoast-schema-graph\">{\"@context\":\"https:\\\/\\\/schema.org\",\"@graph\":[{\"@type\":\"WebPage\",\"@id\":\"https:\\\/\\\/avenidatintas.com\\\/ube\\\/pintura-eletrostatica\\\/\",\"url\":\"https:\\\/\\\/avenidatintas.com\\\/ube\\\/pintura-eletrostatica\\\/\",\"name\":\"Pintura Eletrost\u00e1tica - Avenida Tintas\",\"isPartOf\":{\"@id\":\"https:\\\/\\\/avenidatintas.com\\\/ube\\\/#website\"},\"datePublished\":\"2017-07-08T13:01:36+00:00\",\"dateModified\":\"2021-06-21T19:53:50+00:00\",\"breadcrumb\":{\"@id\":\"https:\\\/\\\/avenidatintas.com\\\/ube\\\/pintura-eletrostatica\\\/#breadcrumb\"},\"inLanguage\":\"pt-BR\",\"potentialAction\":[{\"@type\":\"ReadAction\",\"target\":[\"https:\\\/\\\/avenidatintas.com\\\/ube\\\/pintura-eletrostatica\\\/\"]}]},{\"@type\":\"BreadcrumbList\",\"@id\":\"https:\\\/\\\/avenidatintas.com\\\/ube\\\/pintura-eletrostatica\\\/#breadcrumb\",\"itemListElement\":[{\"@type\":\"ListItem\",\"position\":1,\"name\":\"In\u00edcio\",\"item\":\"https:\\\/\\\/avenidatintas.com\\\/ube\\\/\"},{\"@type\":\"ListItem\",\"position\":2,\"name\":\"Pintura Eletrost\u00e1tica\"}]},{\"@type\":\"WebSite\",\"@id\":\"https:\\\/\\\/avenidatintas.com\\\/ube\\\/#website\",\"url\":\"https:\\\/\\\/avenidatintas.com\\\/ube\\\/\",\"name\":\"Avenida Tintas\",\"description\":\"Tintas para manuten\u00e7\u00e3o Industrial e Mar\u00edtima WEG; laborat\u00f3rio de prepara\u00e7\u00e3o de tintas\",\"potentialAction\":[{\"@type\":\"SearchAction\",\"target\":{\"@type\":\"EntryPoint\",\"urlTemplate\":\"https:\\\/\\\/avenidatintas.com\\\/ube\\\/?s={search_term_string}\"},\"query-input\":{\"@type\":\"PropertyValueSpecification\",\"valueRequired\":true,\"valueName\":\"search_term_string\"}}],\"inLanguage\":\"pt-BR\"}]}<\/script>\n<!-- \/ Yoast SEO plugin. -->","yoast_head_json":{"title":"Pintura Eletrost\u00e1tica - Avenida Tintas","robots":{"index":"index","follow":"follow","max-snippet":"max-snippet:-1","max-image-preview":"max-image-preview:large","max-video-preview":"max-video-preview:-1"},"canonical":"https:\/\/avenidatintas.com\/ube\/pintura-eletrostatica\/","og_locale":"pt_BR","og_type":"article","og_title":"Pintura Eletrost\u00e1tica - Avenida Tintas","og_description":"Pintura Eletrost\u00e1tica Tintas em p\u00f3 WEG A WEG oferece uma diversificada gama de tintas em p\u00f3 com tecnologia de ponta e adequadas \u00e0s exig\u00eancias e necessidades de cada cliente. Al\u00e9m dos sistemas convencionais, a WEG desenvolve produtos especiais como o primer rico em zinco, tintas isentas de metais pesados, tintas de baixa cura, alta [&hellip;]","og_url":"https:\/\/avenidatintas.com\/ube\/pintura-eletrostatica\/","og_site_name":"Avenida Tintas","article_publisher":"https:\/\/www.facebook.com\/Avenida-Distribuidora-de-Tintas-Revenda-autorizada-WEG-100369271992882","article_modified_time":"2021-06-21T19:53:50+00:00","twitter_misc":{"Est. tempo de leitura":"6 minutos"},"schema":{"@context":"https:\/\/schema.org","@graph":[{"@type":"WebPage","@id":"https:\/\/avenidatintas.com\/ube\/pintura-eletrostatica\/","url":"https:\/\/avenidatintas.com\/ube\/pintura-eletrostatica\/","name":"Pintura Eletrost\u00e1tica - Avenida Tintas","isPartOf":{"@id":"https:\/\/avenidatintas.com\/ube\/#website"},"datePublished":"2017-07-08T13:01:36+00:00","dateModified":"2021-06-21T19:53:50+00:00","breadcrumb":{"@id":"https:\/\/avenidatintas.com\/ube\/pintura-eletrostatica\/#breadcrumb"},"inLanguage":"pt-BR","potentialAction":[{"@type":"ReadAction","target":["https:\/\/avenidatintas.com\/ube\/pintura-eletrostatica\/"]}]},{"@type":"BreadcrumbList","@id":"https:\/\/avenidatintas.com\/ube\/pintura-eletrostatica\/#breadcrumb","itemListElement":[{"@type":"ListItem","position":1,"name":"In\u00edcio","item":"https:\/\/avenidatintas.com\/ube\/"},{"@type":"ListItem","position":2,"name":"Pintura Eletrost\u00e1tica"}]},{"@type":"WebSite","@id":"https:\/\/avenidatintas.com\/ube\/#website","url":"https:\/\/avenidatintas.com\/ube\/","name":"Avenida Tintas","description":"Tintas para manuten\u00e7\u00e3o Industrial e Mar\u00edtima WEG; laborat\u00f3rio de prepara\u00e7\u00e3o de tintas","potentialAction":[{"@type":"SearchAction","target":{"@type":"EntryPoint","urlTemplate":"https:\/\/avenidatintas.com\/ube\/?s={search_term_string}"},"query-input":{"@type":"PropertyValueSpecification","valueRequired":true,"valueName":"search_term_string"}}],"inLanguage":"pt-BR"}]}},"_links":{"self":[{"href":"https:\/\/avenidatintas.com\/ube\/wp-json\/wp\/v2\/pages\/54","targetHints":{"allow":["GET"]}}],"collection":[{"href":"https:\/\/avenidatintas.com\/ube\/wp-json\/wp\/v2\/pages"}],"about":[{"href":"https:\/\/avenidatintas.com\/ube\/wp-json\/wp\/v2\/types\/page"}],"author":[{"embeddable":true,"href":"https:\/\/avenidatintas.com\/ube\/wp-json\/wp\/v2\/users\/1"}],"replies":[{"embeddable":true,"href":"https:\/\/avenidatintas.com\/ube\/wp-json\/wp\/v2\/comments?post=54"}],"version-history":[{"count":35,"href":"https:\/\/avenidatintas.com\/ube\/wp-json\/wp\/v2\/pages\/54\/revisions"}],"predecessor-version":[{"id":508,"href":"https:\/\/avenidatintas.com\/ube\/wp-json\/wp\/v2\/pages\/54\/revisions\/508"}],"wp:attachment":[{"href":"https:\/\/avenidatintas.com\/ube\/wp-json\/wp\/v2\/media?parent=54"}],"curies":[{"name":"wp","href":"https:\/\/api.w.org\/{rel}","templated":true}]}}