{"id":1477,"date":"2021-08-25T16:21:12","date_gmt":"2021-08-25T19:21:12","guid":{"rendered":"https:\/\/avenidatintas.com\/?post_type=product&#038;p=1477"},"modified":"2022-10-28T10:22:04","modified_gmt":"2022-10-28T13:22:04","slug":"w-poxi-dfa-301-trafego-rapido","status":"publish","type":"product","link":"https:\/\/avenidatintas.com\/ipa\/produto\/w-poxi-dfa-301-trafego-rapido\/","title":{"rendered":"W-POXI DFA 301 TR\u00c1FEGO R\u00c1PIDO"},"content":{"rendered":"<p>DESCRI\u00c7\u00c3O DO PRODUTO:<br \/>\nTinta ep\u00f3xi poliamina bicomponente de alta espessura. Possui baixo conte\u00fado de compostos org\u00e2nicos vol\u00e1teis (Low VOC), podendo ser aplicado em ambientes internos, fechados ou n\u00e3o. Trata-se de uma tinta de alto brilho, compondo esquemas de pintura para pisos.<\/p>\n","protected":false},"excerpt":{"rendered":"<p>USOS RECOMENDADOS:<br \/>\nO produto foi desenvolvido para pintura de piso de concreto em ind\u00fastrias aliment\u00edcias, hospitais, laborat\u00f3rios, f\u00e1bricas de papel e celulose, ind\u00fastrias qu\u00edmicas e petroqu\u00edmicas, usinas de a\u00e7\u00facar, destilarias de \u00e1lcool e outros pisos industriais. Esta tinta dever\u00e1 ser aplicada sobre o selador W-POXI CVS 301, W-POXI HSS 301 ou outro primer recomendado pelo departamento t\u00e9cnico da WEG.<\/p>\n","protected":false},"featured_media":1118,"template":"","meta":{"_et_pb_use_builder":"","_et_pb_old_content":"","_et_gb_content_width":""},"product_brand":[],"product_cat":[197,21,17],"product_tag":[149,164,133,161,138,45],"class_list":{"0":"post-1477","1":"product","2":"type-product","3":"status-publish","4":"has-post-thumbnail","6":"product_cat-epoxi-industriais","7":"product_cat-industriais","8":"product_cat-tintas-liquidas","9":"product_tag-bicomponente","10":"product_tag-concreto","11":"product_tag-epoxi","12":"product_tag-pisos-industriais","13":"product_tag-tinta-epoxi","14":"product_tag-weg","16":"first","17":"instock","18":"featured","19":"shipping-taxable","20":"purchasable","21":"product-type-variable"},"yoast_head":"<!-- This site is optimized with the Yoast SEO plugin v27.3 - https:\/\/yoast.com\/product\/yoast-seo-wordpress\/ -->\n<title>W-POXI DFA 301 TR\u00c1FEGO R\u00c1PIDO - Avenida Tintas<\/title>\n<meta name=\"robots\" content=\"index, follow, max-snippet:-1, max-image-preview:large, max-video-preview:-1\" \/>\n<link rel=\"canonical\" href=\"https:\/\/avenidatintas.com\/ipa\/produto\/w-poxi-dfa-301-trafego-rapido\/\" \/>\n<meta property=\"og:locale\" content=\"pt_BR\" \/>\n<meta property=\"og:type\" content=\"article\" \/>\n<meta property=\"og:title\" content=\"W-POXI DFA 301 TR\u00c1FEGO R\u00c1PIDO - Avenida Tintas\" \/>\n<meta property=\"og:description\" content=\"USOS RECOMENDADOS: O produto foi desenvolvido para pintura de piso de concreto em ind\u00fastrias aliment\u00edcias, hospitais, laborat\u00f3rios, f\u00e1bricas de papel e celulose, ind\u00fastrias qu\u00edmicas e petroqu\u00edmicas, usinas de a\u00e7\u00facar, destilarias de \u00e1lcool e outros pisos industriais. Esta tinta dever\u00e1 ser aplicada sobre o selador W-POXI CVS 301, W-POXI HSS 301 ou outro primer recomendado pelo departamento t\u00e9cnico da WEG.\" \/>\n<meta property=\"og:url\" content=\"https:\/\/avenidatintas.com\/ipa\/produto\/w-poxi-dfa-301-trafego-rapido\/\" \/>\n<meta property=\"og:site_name\" content=\"Avenida Tintas\" \/>\n<meta property=\"article:publisher\" content=\"https:\/\/www.facebook.com\/Avenida-Distribuidora-de-Tintas-Revenda-autorizada-WEG-100369271992882\" \/>\n<meta property=\"article:modified_time\" content=\"2022-10-28T13:22:04+00:00\" \/>\n<meta property=\"og:image\" content=\"https:\/\/avenidatintas.com\/ipa\/wp-content\/uploads\/2021\/06\/W-VIARIA-CVP-605_2.jpg\" \/>\n\t<meta property=\"og:image:width\" content=\"600\" \/>\n\t<meta property=\"og:image:height\" content=\"600\" \/>\n\t<meta property=\"og:image:type\" content=\"image\/jpeg\" \/>\n<meta name=\"twitter:label1\" content=\"Est. tempo de leitura\" \/>\n\t<meta name=\"twitter:data1\" content=\"1 minuto\" \/>\n<script type=\"application\/ld+json\" class=\"yoast-schema-graph\">{\"@context\":\"https:\\\/\\\/schema.org\",\"@graph\":[{\"@type\":\"WebPage\",\"@id\":\"https:\\\/\\\/avenidatintas.com\\\/ipa\\\/produto\\\/w-poxi-dfa-301-trafego-rapido\\\/\",\"url\":\"https:\\\/\\\/avenidatintas.com\\\/ipa\\\/produto\\\/w-poxi-dfa-301-trafego-rapido\\\/\",\"name\":\"W-POXI DFA 301 TR\u00c1FEGO R\u00c1PIDO - Avenida Tintas\",\"isPartOf\":{\"@id\":\"https:\\\/\\\/avenidatintas.com\\\/ipa\\\/#website\"},\"primaryImageOfPage\":{\"@id\":\"https:\\\/\\\/avenidatintas.com\\\/ipa\\\/produto\\\/w-poxi-dfa-301-trafego-rapido\\\/#primaryimage\"},\"image\":{\"@id\":\"https:\\\/\\\/avenidatintas.com\\\/ipa\\\/produto\\\/w-poxi-dfa-301-trafego-rapido\\\/#primaryimage\"},\"thumbnailUrl\":\"https:\\\/\\\/avenidatintas.com\\\/ipa\\\/wp-content\\\/uploads\\\/2021\\\/06\\\/W-VIARIA-CVP-605_2.jpg\",\"datePublished\":\"2021-08-25T19:21:12+00:00\",\"dateModified\":\"2022-10-28T13:22:04+00:00\",\"breadcrumb\":{\"@id\":\"https:\\\/\\\/avenidatintas.com\\\/ipa\\\/produto\\\/w-poxi-dfa-301-trafego-rapido\\\/#breadcrumb\"},\"inLanguage\":\"pt-BR\",\"potentialAction\":[{\"@type\":\"ReadAction\",\"target\":[\"https:\\\/\\\/avenidatintas.com\\\/ipa\\\/produto\\\/w-poxi-dfa-301-trafego-rapido\\\/\"]}]},{\"@type\":\"ImageObject\",\"inLanguage\":\"pt-BR\",\"@id\":\"https:\\\/\\\/avenidatintas.com\\\/ipa\\\/produto\\\/w-poxi-dfa-301-trafego-rapido\\\/#primaryimage\",\"url\":\"https:\\\/\\\/avenidatintas.com\\\/ipa\\\/wp-content\\\/uploads\\\/2021\\\/06\\\/W-VIARIA-CVP-605_2.jpg\",\"contentUrl\":\"https:\\\/\\\/avenidatintas.com\\\/ipa\\\/wp-content\\\/uploads\\\/2021\\\/06\\\/W-VIARIA-CVP-605_2.jpg\",\"width\":600,\"height\":600},{\"@type\":\"BreadcrumbList\",\"@id\":\"https:\\\/\\\/avenidatintas.com\\\/ipa\\\/produto\\\/w-poxi-dfa-301-trafego-rapido\\\/#breadcrumb\",\"itemListElement\":[{\"@type\":\"ListItem\",\"position\":1,\"name\":\"In\u00edcio\",\"item\":\"https:\\\/\\\/avenidatintas.com\\\/ipa\\\/\"},{\"@type\":\"ListItem\",\"position\":2,\"name\":\"Produtos\",\"item\":\"https:\\\/\\\/avenidatintas.com\\\/ipa\\\/loja\\\/\"},{\"@type\":\"ListItem\",\"position\":3,\"name\":\"W-POXI DFA 301 TR\u00c1FEGO R\u00c1PIDO\"}]},{\"@type\":\"WebSite\",\"@id\":\"https:\\\/\\\/avenidatintas.com\\\/ipa\\\/#website\",\"url\":\"https:\\\/\\\/avenidatintas.com\\\/ipa\\\/\",\"name\":\"Avenida Tintas em Jundia\u00ed\",\"description\":\"Tintas para manuten\u00e7\u00e3o Industrial e Mar\u00edtima WEG; laborat\u00f3rio de prepara\u00e7\u00e3o de tintas\",\"publisher\":{\"@id\":\"https:\\\/\\\/avenidatintas.com\\\/ipa\\\/#organization\"},\"potentialAction\":[{\"@type\":\"SearchAction\",\"target\":{\"@type\":\"EntryPoint\",\"urlTemplate\":\"https:\\\/\\\/avenidatintas.com\\\/ipa\\\/?s={search_term_string}\"},\"query-input\":{\"@type\":\"PropertyValueSpecification\",\"valueRequired\":true,\"valueName\":\"search_term_string\"}}],\"inLanguage\":\"pt-BR\"},{\"@type\":\"Organization\",\"@id\":\"https:\\\/\\\/avenidatintas.com\\\/ipa\\\/#organization\",\"name\":\"Avenida Tintas\",\"url\":\"https:\\\/\\\/avenidatintas.com\\\/ipa\\\/\",\"logo\":{\"@type\":\"ImageObject\",\"inLanguage\":\"pt-BR\",\"@id\":\"https:\\\/\\\/avenidatintas.com\\\/ipa\\\/#\\\/schema\\\/logo\\\/image\\\/\",\"url\":\"https:\\\/\\\/avenidatintas.com\\\/ipa\\\/wp-content\\\/uploads\\\/2021\\\/06\\\/logo-avenida-tintasG2.jpg\",\"contentUrl\":\"https:\\\/\\\/avenidatintas.com\\\/ipa\\\/wp-content\\\/uploads\\\/2021\\\/06\\\/logo-avenida-tintasG2.jpg\",\"width\":640,\"height\":105,\"caption\":\"Avenida Tintas\"},\"image\":{\"@id\":\"https:\\\/\\\/avenidatintas.com\\\/ipa\\\/#\\\/schema\\\/logo\\\/image\\\/\"},\"sameAs\":[\"https:\\\/\\\/www.facebook.com\\\/Avenida-Distribuidora-de-Tintas-Revenda-autorizada-WEG-100369271992882\",\"https:\\\/\\\/www.instagram.com\\\/wegavenida\\\/\"]}]}<\/script>\n<!-- \/ Yoast SEO plugin. -->","yoast_head_json":{"title":"W-POXI DFA 301 TR\u00c1FEGO R\u00c1PIDO - Avenida Tintas","robots":{"index":"index","follow":"follow","max-snippet":"max-snippet:-1","max-image-preview":"max-image-preview:large","max-video-preview":"max-video-preview:-1"},"canonical":"https:\/\/avenidatintas.com\/ipa\/produto\/w-poxi-dfa-301-trafego-rapido\/","og_locale":"pt_BR","og_type":"article","og_title":"W-POXI DFA 301 TR\u00c1FEGO R\u00c1PIDO - Avenida Tintas","og_description":"USOS RECOMENDADOS: O produto foi desenvolvido para pintura de piso de concreto em ind\u00fastrias aliment\u00edcias, hospitais, laborat\u00f3rios, f\u00e1bricas de papel e celulose, ind\u00fastrias qu\u00edmicas e petroqu\u00edmicas, usinas de a\u00e7\u00facar, destilarias de \u00e1lcool e outros pisos industriais. Esta tinta dever\u00e1 ser aplicada sobre o selador W-POXI CVS 301, W-POXI HSS 301 ou outro primer recomendado pelo departamento t\u00e9cnico da WEG.","og_url":"https:\/\/avenidatintas.com\/ipa\/produto\/w-poxi-dfa-301-trafego-rapido\/","og_site_name":"Avenida Tintas","article_publisher":"https:\/\/www.facebook.com\/Avenida-Distribuidora-de-Tintas-Revenda-autorizada-WEG-100369271992882","article_modified_time":"2022-10-28T13:22:04+00:00","og_image":[{"width":600,"height":600,"url":"https:\/\/avenidatintas.com\/ipa\/wp-content\/uploads\/2021\/06\/W-VIARIA-CVP-605_2.jpg","type":"image\/jpeg"}],"twitter_misc":{"Est. tempo de leitura":"1 minuto"},"schema":{"@context":"https:\/\/schema.org","@graph":[{"@type":"WebPage","@id":"https:\/\/avenidatintas.com\/ipa\/produto\/w-poxi-dfa-301-trafego-rapido\/","url":"https:\/\/avenidatintas.com\/ipa\/produto\/w-poxi-dfa-301-trafego-rapido\/","name":"W-POXI DFA 301 TR\u00c1FEGO R\u00c1PIDO - Avenida Tintas","isPartOf":{"@id":"https:\/\/avenidatintas.com\/ipa\/#website"},"primaryImageOfPage":{"@id":"https:\/\/avenidatintas.com\/ipa\/produto\/w-poxi-dfa-301-trafego-rapido\/#primaryimage"},"image":{"@id":"https:\/\/avenidatintas.com\/ipa\/produto\/w-poxi-dfa-301-trafego-rapido\/#primaryimage"},"thumbnailUrl":"https:\/\/avenidatintas.com\/ipa\/wp-content\/uploads\/2021\/06\/W-VIARIA-CVP-605_2.jpg","datePublished":"2021-08-25T19:21:12+00:00","dateModified":"2022-10-28T13:22:04+00:00","breadcrumb":{"@id":"https:\/\/avenidatintas.com\/ipa\/produto\/w-poxi-dfa-301-trafego-rapido\/#breadcrumb"},"inLanguage":"pt-BR","potentialAction":[{"@type":"ReadAction","target":["https:\/\/avenidatintas.com\/ipa\/produto\/w-poxi-dfa-301-trafego-rapido\/"]}]},{"@type":"ImageObject","inLanguage":"pt-BR","@id":"https:\/\/avenidatintas.com\/ipa\/produto\/w-poxi-dfa-301-trafego-rapido\/#primaryimage","url":"https:\/\/avenidatintas.com\/ipa\/wp-content\/uploads\/2021\/06\/W-VIARIA-CVP-605_2.jpg","contentUrl":"https:\/\/avenidatintas.com\/ipa\/wp-content\/uploads\/2021\/06\/W-VIARIA-CVP-605_2.jpg","width":600,"height":600},{"@type":"BreadcrumbList","@id":"https:\/\/avenidatintas.com\/ipa\/produto\/w-poxi-dfa-301-trafego-rapido\/#breadcrumb","itemListElement":[{"@type":"ListItem","position":1,"name":"In\u00edcio","item":"https:\/\/avenidatintas.com\/ipa\/"},{"@type":"ListItem","position":2,"name":"Produtos","item":"https:\/\/avenidatintas.com\/ipa\/loja\/"},{"@type":"ListItem","position":3,"name":"W-POXI DFA 301 TR\u00c1FEGO R\u00c1PIDO"}]},{"@type":"WebSite","@id":"https:\/\/avenidatintas.com\/ipa\/#website","url":"https:\/\/avenidatintas.com\/ipa\/","name":"Avenida Tintas em Jundia\u00ed","description":"Tintas para manuten\u00e7\u00e3o Industrial e Mar\u00edtima WEG; laborat\u00f3rio de prepara\u00e7\u00e3o de tintas","publisher":{"@id":"https:\/\/avenidatintas.com\/ipa\/#organization"},"potentialAction":[{"@type":"SearchAction","target":{"@type":"EntryPoint","urlTemplate":"https:\/\/avenidatintas.com\/ipa\/?s={search_term_string}"},"query-input":{"@type":"PropertyValueSpecification","valueRequired":true,"valueName":"search_term_string"}}],"inLanguage":"pt-BR"},{"@type":"Organization","@id":"https:\/\/avenidatintas.com\/ipa\/#organization","name":"Avenida Tintas","url":"https:\/\/avenidatintas.com\/ipa\/","logo":{"@type":"ImageObject","inLanguage":"pt-BR","@id":"https:\/\/avenidatintas.com\/ipa\/#\/schema\/logo\/image\/","url":"https:\/\/avenidatintas.com\/ipa\/wp-content\/uploads\/2021\/06\/logo-avenida-tintasG2.jpg","contentUrl":"https:\/\/avenidatintas.com\/ipa\/wp-content\/uploads\/2021\/06\/logo-avenida-tintasG2.jpg","width":640,"height":105,"caption":"Avenida Tintas"},"image":{"@id":"https:\/\/avenidatintas.com\/ipa\/#\/schema\/logo\/image\/"},"sameAs":["https:\/\/www.facebook.com\/Avenida-Distribuidora-de-Tintas-Revenda-autorizada-WEG-100369271992882","https:\/\/www.instagram.com\/wegavenida\/"]}]}},"_links":{"self":[{"href":"https:\/\/avenidatintas.com\/ipa\/wp-json\/wp\/v2\/product\/1477","targetHints":{"allow":["GET"]}}],"collection":[{"href":"https:\/\/avenidatintas.com\/ipa\/wp-json\/wp\/v2\/product"}],"about":[{"href":"https:\/\/avenidatintas.com\/ipa\/wp-json\/wp\/v2\/types\/product"}],"wp:featuredmedia":[{"embeddable":true,"href":"https:\/\/avenidatintas.com\/ipa\/wp-json\/wp\/v2\/media\/1118"}],"wp:attachment":[{"href":"https:\/\/avenidatintas.com\/ipa\/wp-json\/wp\/v2\/media?parent=1477"}],"wp:term":[{"taxonomy":"product_brand","embeddable":true,"href":"https:\/\/avenidatintas.com\/ipa\/wp-json\/wp\/v2\/product_brand?post=1477"},{"taxonomy":"product_cat","embeddable":true,"href":"https:\/\/avenidatintas.com\/ipa\/wp-json\/wp\/v2\/product_cat?post=1477"},{"taxonomy":"product_tag","embeddable":true,"href":"https:\/\/avenidatintas.com\/ipa\/wp-json\/wp\/v2\/product_tag?post=1477"}],"curies":[{"name":"wp","href":"https:\/\/api.w.org\/{rel}","templated":true}]}}